{"id":40,"date":"2015-10-02T09:56:18","date_gmt":"2015-10-02T09:56:18","guid":{"rendered":"http:\/\/blogs.encamina.com\/transformacion-digital\/?page_id=40"},"modified":"2016-11-28T15:30:37","modified_gmt":"2016-11-28T15:30:37","slug":"acerca-de","status":"publish","type":"page","link":"https:\/\/blogs.encamina.com\/transformacion-digital\/acerca-de\/","title":{"rendered":"Acerca de&#8230;"},"content":{"rendered":"<h2>Gabriel Gaspar<\/h2>\n<p>Llevo <strong>m\u00e1s de 15 a\u00f1os<\/strong> trabajando en el sector de la tecnolog\u00eda, empezando como programador y pasando por diversos puestos como consultor, director de proyecto, director de l\u00ednea o Gerente de Servicio que es mi actual dedicaci\u00f3n en <a href=\"http:\/\/www.encamina.com\/\" target=\"_blank\">ENCAMINA<\/a>. Me form\u00e9 como inform\u00e1tico en la UJI y recientemente realic\u00e9 un MBA orientado a empresas de internet buscando completar mi formaci\u00f3n empresarial.<\/p>\n<p>Me considero un <strong>apasionado de las nuevas tecnolog\u00edas<\/strong>, as\u00ed como de su impacto en nuestro tejido empresarial y, en definitiva, en toda nuestra sociedad. Precisamente sobre todo esto es de lo que voy a hablar en este blog. Aportando ideas e informaci\u00f3n sobre la etapa en la que vivimos, donde los cambios se producen a una velocidad vertiginosa y donde la <a href=\"http:\/\/www.encamina.com\/transformacion-digital\" target=\"_blank\">Transformaci\u00f3n Digital <\/a>de los negocios no es una opci\u00f3n en la mayor\u00eda de los casos, sino una necesidad.<\/p>\n<p>M\u00e1s sobre m\u00ed:<\/p>\n<p><a title=\"LinkedIn Gabriel Gaspar\" href=\"https:\/\/www.linkedin.com\/in\/ggtort\" target=\"_blank\"><img loading=\"lazy\" decoding=\"async\" class=\"alignnone wp-image-967 size-full\" src=\"http:\/\/blogs.encamina.com\/en-las-nubes\/wp-content\/uploads\/sites\/9\/2014\/05\/32-linkedin.png\" alt=\"32-linkedin\" width=\"32\" height=\"32\" \/><\/a> <a title=\"Twitter Gabriel Gaspar\" href=\"https:\/\/twitter.com\/ggtort\" target=\"_blank\"><img loading=\"lazy\" decoding=\"async\" class=\"alignnone wp-image-968 size-medium\" src=\"http:\/\/blogs.encamina.com\/en-las-nubes\/wp-content\/uploads\/sites\/9\/2014\/05\/32-twitter.png\" alt=\"32-twitter\" width=\"32\" height=\"32\" \/><\/a><\/p>\n<h2>Delia G\u00f3mez<\/h2>\n<p>Soy licenciada en inform\u00e1tica por la UPV y llevo <strong>m\u00e1s de 16 a\u00f1os de experiencia<\/strong> trabajando en proyectos de tecnolog\u00eda. Por otra parte, hace 3 a\u00f1os obtuve la certificaci\u00f3n PMP\u00ae. El recorrido profesional que he realizado me ha permitido trabajar en una amplia variedad de actividades, desde mis inicios con desarrollo y consultor\u00eda de ERPs, a la actualidad como Gerente de Servicio en <a href=\"http:\/\/www.encamina.com\/\" target=\"_blank\">ENCAMINA<\/a> y dedicada a proyectos de CRM y BI especialmente.<\/p>\n<p>Me declaro <strong>aprendiz continua<\/strong> y tengo diversas inquietudes, que ahora intento centrar en dos aspectos principalmente: las tecnolog\u00edas de desarrollo de los proyectos con los que trabajo en ENCAMINA y mi desarrollo profesional. Por eso, puedes encontrar entre mis competencias cosas tan diferentes como un MCSE de BI o una certificaci\u00f3n de Management 3.0. Y con esta mezcla de conceptos, surge la idea de participar en el blog, el que me he marcado el objetivo de moldear las ideas sobre estos diferentes temas y poder contarlas.<\/p>\n<p><a title=\"LinkedIn Delia G\u00f3mez\" href=\"https:\/\/www.linkedin.com\/in\/delia-g%C3%B3mez-marzo-7ba8b126\" target=\"_blank\"><img loading=\"lazy\" decoding=\"async\" class=\"alignnone wp-image-967 size-full\" src=\"http:\/\/blogs.encamina.com\/en-las-nubes\/wp-content\/uploads\/sites\/9\/2014\/05\/32-linkedin.png\" alt=\"linkedin\" width=\"32\" height=\"32\" \/><\/a> <a title=\"Twitter Delia G\u00f3mez\" href=\"https:\/\/twitter.com\/DeliaGomezMarzo?lang=es\" target=\"_blank\"><img loading=\"lazy\" decoding=\"async\" class=\"alignnone wp-image-968 size-medium\" src=\"http:\/\/blogs.encamina.com\/en-las-nubes\/wp-content\/uploads\/sites\/9\/2014\/05\/32-twitter.png\" alt=\"32-twitter\" width=\"32\" height=\"32\" \/><\/a><\/p>\n<h2>Jorge Blasco<\/h2>\n<p>Soy Graduado en Ingenier\u00eda Inform\u00e1tica por la Universidad Polit\u00e9cnica de Valencia. Actualmente, trabajo como Consultor de Office 365 en ENCAMINA y colaborando como P-SELLER de Dynamics CRM con Microsoft. Me gusta vivir en un continuo aprendizaje y sacarlo de mi cabeza para poder escribirlo en este blog. Adem\u00e1s, tambi\u00e9n puedes hablarme de f\u00fatbol sala porque me apasiona.<\/p>\n<p><a href=\"https:\/\/es.linkedin.com\/in\/jorge-blasco-arnandis-62230a90\" target=\"_blank\"><img loading=\"lazy\" decoding=\"async\" class=\"alignnone wp-image-779 size-full\" src=\"http:\/\/blogs.encamina.com\/filling-the-gap\/wp-content\/uploads\/sites\/5\/2013\/02\/32-linkedin.png\" alt=\"linkedin\" width=\"32\" height=\"32\" \/><\/a><\/p>\n<p>&nbsp;<\/p>\n<span class=\"et_bloom_bottom_trigger\"><\/span>","protected":false},"excerpt":{"rendered":"<p>Gabriel Gaspar Llevo m\u00e1s de 15 a\u00f1os trabajando en el sector de la tecnolog\u00eda, empezando como programador y pasando por diversos puestos como consultor, director de proyecto, director de l\u00ednea o Gerente de Servicio que es mi actual dedicaci\u00f3n en &hellip; <a href=\"https:\/\/blogs.encamina.com\/transformacion-digital\/acerca-de\/\">Continue reading <span class=\"meta-nav\">&rarr;<\/span><\/a><\/p>\n","protected":false},"author":1,"featured_media":0,"parent":0,"menu_order":0,"comment_status":"closed","ping_status":"closed","template":"","meta":{"footnotes":""},"class_list":["post-40","page","type-page","status-publish","hentry"],"yoast_head":"<!-- This site is optimized with the Yoast SEO Premium plugin v18.2.1 (Yoast SEO v27.3) - https:\/\/yoast.com\/product\/yoast-seo-premium-wordpress\/ -->\n<title>Acerca de... - Transformaci\u00f3n Digital<\/title>\n<meta name=\"robots\" content=\"index, follow, max-snippet:-1, max-image-preview:large, max-video-preview:-1\" \/>\n<link rel=\"canonical\" href=\"https:\/\/blogs.encamina.com\/transformacion-digital\/acerca-de\/\" \/>\n<meta property=\"og:locale\" content=\"es_ES\" \/>\n<meta property=\"og:type\" content=\"article\" \/>\n<meta property=\"og:title\" content=\"Acerca de...\" \/>\n<meta property=\"og:description\" content=\"Gabriel Gaspar Llevo m\u00e1s de 15 a\u00f1os trabajando en el sector de la tecnolog\u00eda, empezando como programador y pasando por diversos puestos como consultor, director de proyecto, director de l\u00ednea o Gerente de Servicio que es mi actual dedicaci\u00f3n en &hellip; Continue reading &rarr;\" \/>\n<meta property=\"og:url\" content=\"https:\/\/blogs.encamina.com\/transformacion-digital\/acerca-de\/\" \/>\n<meta property=\"og:site_name\" content=\"Transformaci\u00f3n Digital\" \/>\n<meta property=\"article:modified_time\" content=\"2016-11-28T15:30:37+00:00\" \/>\n<meta property=\"og:image\" content=\"https:\/\/blogs.encamina.com\/transformacion-digital\/wp-content\/uploads\/sites\/18\/2019\/05\/teams.png\" \/>\n\t<meta property=\"og:image:width\" content=\"282\" \/>\n\t<meta property=\"og:image:height\" content=\"452\" \/>\n\t<meta property=\"og:image:type\" content=\"image\/png\" \/>\n<meta name=\"twitter:card\" content=\"summary_large_image\" \/>\n<meta name=\"twitter:label1\" content=\"Tiempo de lectura\" \/>\n\t<meta name=\"twitter:data1\" content=\"2 minutos\" \/>\n<script type=\"application\/ld+json\" class=\"yoast-schema-graph\">{\"@context\":\"https:\\\/\\\/schema.org\",\"@graph\":[{\"@type\":\"WebPage\",\"@id\":\"https:\\\/\\\/blogs.encamina.com\\\/transformacion-digital\\\/acerca-de\\\/\",\"url\":\"https:\\\/\\\/blogs.encamina.com\\\/transformacion-digital\\\/acerca-de\\\/\",\"name\":\"Acerca de... - Transformaci\u00f3n Digital\",\"isPartOf\":{\"@id\":\"https:\\\/\\\/blogs.encamina.com\\\/transformacion-digital\\\/#website\"},\"primaryImageOfPage\":{\"@id\":\"https:\\\/\\\/blogs.encamina.com\\\/transformacion-digital\\\/acerca-de\\\/#primaryimage\"},\"image\":{\"@id\":\"https:\\\/\\\/blogs.encamina.com\\\/transformacion-digital\\\/acerca-de\\\/#primaryimage\"},\"thumbnailUrl\":\"http:\\\/\\\/blogs.encamina.com\\\/en-las-nubes\\\/wp-content\\\/uploads\\\/sites\\\/9\\\/2014\\\/05\\\/32-linkedin.png\",\"datePublished\":\"2015-10-02T09:56:18+00:00\",\"dateModified\":\"2016-11-28T15:30:37+00:00\",\"breadcrumb\":{\"@id\":\"https:\\\/\\\/blogs.encamina.com\\\/transformacion-digital\\\/acerca-de\\\/#breadcrumb\"},\"inLanguage\":\"es\",\"potentialAction\":[{\"@type\":\"ReadAction\",\"target\":[\"https:\\\/\\\/blogs.encamina.com\\\/transformacion-digital\\\/acerca-de\\\/\"]}]},{\"@type\":\"ImageObject\",\"inLanguage\":\"es\",\"@id\":\"https:\\\/\\\/blogs.encamina.com\\\/transformacion-digital\\\/acerca-de\\\/#primaryimage\",\"url\":\"http:\\\/\\\/blogs.encamina.com\\\/en-las-nubes\\\/wp-content\\\/uploads\\\/sites\\\/9\\\/2014\\\/05\\\/32-linkedin.png\",\"contentUrl\":\"http:\\\/\\\/blogs.encamina.com\\\/en-las-nubes\\\/wp-content\\\/uploads\\\/sites\\\/9\\\/2014\\\/05\\\/32-linkedin.png\"},{\"@type\":\"BreadcrumbList\",\"@id\":\"https:\\\/\\\/blogs.encamina.com\\\/transformacion-digital\\\/acerca-de\\\/#breadcrumb\",\"itemListElement\":[{\"@type\":\"ListItem\",\"position\":1,\"name\":\"Portada\",\"item\":\"https:\\\/\\\/blogs.encamina.com\\\/transformacion-digital\\\/\"},{\"@type\":\"ListItem\",\"position\":2,\"name\":\"Acerca de&#8230;\"}]},{\"@type\":\"WebSite\",\"@id\":\"https:\\\/\\\/blogs.encamina.com\\\/transformacion-digital\\\/#website\",\"url\":\"https:\\\/\\\/blogs.encamina.com\\\/transformacion-digital\\\/\",\"name\":\"Transformaci\u00f3n Digital\",\"description\":\"M\u00e1s colaborativos, inteligentes, flexibles y veloces\",\"potentialAction\":[{\"@type\":\"SearchAction\",\"target\":{\"@type\":\"EntryPoint\",\"urlTemplate\":\"https:\\\/\\\/blogs.encamina.com\\\/transformacion-digital\\\/?s={search_term_string}\"},\"query-input\":{\"@type\":\"PropertyValueSpecification\",\"valueRequired\":true,\"valueName\":\"search_term_string\"}}],\"inLanguage\":\"es\"}]}<\/script>\n<!-- \/ Yoast SEO Premium plugin. -->","yoast_head_json":{"title":"Acerca de... - Transformaci\u00f3n Digital","robots":{"index":"index","follow":"follow","max-snippet":"max-snippet:-1","max-image-preview":"max-image-preview:large","max-video-preview":"max-video-preview:-1"},"canonical":"https:\/\/blogs.encamina.com\/transformacion-digital\/acerca-de\/","og_locale":"es_ES","og_type":"article","og_title":"Acerca de...","og_description":"Gabriel Gaspar Llevo m\u00e1s de 15 a\u00f1os trabajando en el sector de la tecnolog\u00eda, empezando como programador y pasando por diversos puestos como consultor, director de proyecto, director de l\u00ednea o Gerente de Servicio que es mi actual dedicaci\u00f3n en &hellip; Continue reading &rarr;","og_url":"https:\/\/blogs.encamina.com\/transformacion-digital\/acerca-de\/","og_site_name":"Transformaci\u00f3n Digital","article_modified_time":"2016-11-28T15:30:37+00:00","og_image":[{"width":282,"height":452,"url":"https:\/\/blogs.encamina.com\/transformacion-digital\/wp-content\/uploads\/sites\/18\/2019\/05\/teams.png","type":"image\/png"}],"twitter_card":"summary_large_image","twitter_misc":{"Tiempo de lectura":"2 minutos"},"schema":{"@context":"https:\/\/schema.org","@graph":[{"@type":"WebPage","@id":"https:\/\/blogs.encamina.com\/transformacion-digital\/acerca-de\/","url":"https:\/\/blogs.encamina.com\/transformacion-digital\/acerca-de\/","name":"Acerca de... - Transformaci\u00f3n Digital","isPartOf":{"@id":"https:\/\/blogs.encamina.com\/transformacion-digital\/#website"},"primaryImageOfPage":{"@id":"https:\/\/blogs.encamina.com\/transformacion-digital\/acerca-de\/#primaryimage"},"image":{"@id":"https:\/\/blogs.encamina.com\/transformacion-digital\/acerca-de\/#primaryimage"},"thumbnailUrl":"http:\/\/blogs.encamina.com\/en-las-nubes\/wp-content\/uploads\/sites\/9\/2014\/05\/32-linkedin.png","datePublished":"2015-10-02T09:56:18+00:00","dateModified":"2016-11-28T15:30:37+00:00","breadcrumb":{"@id":"https:\/\/blogs.encamina.com\/transformacion-digital\/acerca-de\/#breadcrumb"},"inLanguage":"es","potentialAction":[{"@type":"ReadAction","target":["https:\/\/blogs.encamina.com\/transformacion-digital\/acerca-de\/"]}]},{"@type":"ImageObject","inLanguage":"es","@id":"https:\/\/blogs.encamina.com\/transformacion-digital\/acerca-de\/#primaryimage","url":"http:\/\/blogs.encamina.com\/en-las-nubes\/wp-content\/uploads\/sites\/9\/2014\/05\/32-linkedin.png","contentUrl":"http:\/\/blogs.encamina.com\/en-las-nubes\/wp-content\/uploads\/sites\/9\/2014\/05\/32-linkedin.png"},{"@type":"BreadcrumbList","@id":"https:\/\/blogs.encamina.com\/transformacion-digital\/acerca-de\/#breadcrumb","itemListElement":[{"@type":"ListItem","position":1,"name":"Portada","item":"https:\/\/blogs.encamina.com\/transformacion-digital\/"},{"@type":"ListItem","position":2,"name":"Acerca de&#8230;"}]},{"@type":"WebSite","@id":"https:\/\/blogs.encamina.com\/transformacion-digital\/#website","url":"https:\/\/blogs.encamina.com\/transformacion-digital\/","name":"Transformaci\u00f3n Digital","description":"M\u00e1s colaborativos, inteligentes, flexibles y veloces","potentialAction":[{"@type":"SearchAction","target":{"@type":"EntryPoint","urlTemplate":"https:\/\/blogs.encamina.com\/transformacion-digital\/?s={search_term_string}"},"query-input":{"@type":"PropertyValueSpecification","valueRequired":true,"valueName":"search_term_string"}}],"inLanguage":"es"}]}},"_links":{"self":[{"href":"https:\/\/blogs.encamina.com\/transformacion-digital\/wp-json\/wp\/v2\/pages\/40","targetHints":{"allow":["GET"]}}],"collection":[{"href":"https:\/\/blogs.encamina.com\/transformacion-digital\/wp-json\/wp\/v2\/pages"}],"about":[{"href":"https:\/\/blogs.encamina.com\/transformacion-digital\/wp-json\/wp\/v2\/types\/page"}],"author":[{"embeddable":true,"href":"https:\/\/blogs.encamina.com\/transformacion-digital\/wp-json\/wp\/v2\/users\/1"}],"replies":[{"embeddable":true,"href":"https:\/\/blogs.encamina.com\/transformacion-digital\/wp-json\/wp\/v2\/comments?post=40"}],"version-history":[{"count":0,"href":"https:\/\/blogs.encamina.com\/transformacion-digital\/wp-json\/wp\/v2\/pages\/40\/revisions"}],"wp:attachment":[{"href":"https:\/\/blogs.encamina.com\/transformacion-digital\/wp-json\/wp\/v2\/media?parent=40"}],"curies":[{"name":"wp","href":"https:\/\/api.w.org\/{rel}","templated":true}]}}

<h2>Gabriel Gaspar</h2>
<p>Llevo <strong>más de 15 años</strong> trabajando en el sector de la tecnología, empezando como programador y pasando por diversos puestos como consultor, director de proyecto, director de línea o Gerente de Servicio que es mi actual dedicación en <a href="http://www.encamina.com/" target="_blank">ENCAMINA</a>. Me formé como informático en la UJI y recientemente realicé un MBA orientado a empresas de internet buscando completar mi formación empresarial.</p>
<p>Me considero un <strong>apasionado de las nuevas tecnologías</strong>, así como de su impacto en nuestro tejido empresarial y, en definitiva, en toda nuestra sociedad. Precisamente sobre todo esto es de lo que voy a hablar en este blog. Aportando ideas e información sobre la etapa en la que vivimos, donde los cambios se producen a una velocidad vertiginosa y donde la <a href="http://www.encamina.com/transformacion-digital" target="_blank">Transformación Digital </a>de los negocios no es una opción en la mayoría de los casos, sino una necesidad.</p>
<p>Más sobre mí:</p>
<p><a title="LinkedIn Gabriel Gaspar" href="https://www.linkedin.com/in/ggtort" target="_blank"><img loading="lazy" decoding="async" class="alignnone wp-image-967 size-full" src="http://blogs.encamina.com/en-las-nubes/wp-content/uploads/sites/9/2014/05/32-linkedin.png" alt="32-linkedin" width="32" height="32" /></a> <a title="Twitter Gabriel Gaspar" href="https://twitter.com/ggtort" target="_blank"><img loading="lazy" decoding="async" class="alignnone wp-image-968 size-medium" src="http://blogs.encamina.com/en-las-nubes/wp-content/uploads/sites/9/2014/05/32-twitter.png" alt="32-twitter" width="32" height="32" /></a></p>
<h2>Delia Gómez</h2>
<p>Soy licenciada en informática por la UPV y llevo <strong>más de 16 años de experiencia</strong> trabajando en proyectos de tecnología. Por otra parte, hace 3 años obtuve la certificación PMP®. El recorrido profesional que he realizado me ha permitido trabajar en una amplia variedad de actividades, desde mis inicios con desarrollo y consultoría de ERPs, a la actualidad como Gerente de Servicio en <a href="http://www.encamina.com/" target="_blank">ENCAMINA</a> y dedicada a proyectos de CRM y BI especialmente.</p>
<p>Me declaro <strong>aprendiz continua</strong> y tengo diversas inquietudes, que ahora intento centrar en dos aspectos principalmente: las tecnologías de desarrollo de los proyectos con los que trabajo en ENCAMINA y mi desarrollo profesional. Por eso, puedes encontrar entre mis competencias cosas tan diferentes como un MCSE de BI o una certificación de Management 3.0. Y con esta mezcla de conceptos, surge la idea de participar en el blog, el que me he marcado el objetivo de moldear las ideas sobre estos diferentes temas y poder contarlas.</p>
<p><a title="LinkedIn Delia Gómez" href="https://www.linkedin.com/in/delia-g%C3%B3mez-marzo-7ba8b126" target="_blank"><img loading="lazy" decoding="async" class="alignnone wp-image-967 size-full" src="http://blogs.encamina.com/en-las-nubes/wp-content/uploads/sites/9/2014/05/32-linkedin.png" alt="linkedin" width="32" height="32" /></a> <a title="Twitter Delia Gómez" href="https://twitter.com/DeliaGomezMarzo?lang=es" target="_blank"><img loading="lazy" decoding="async" class="alignnone wp-image-968 size-medium" src="http://blogs.encamina.com/en-las-nubes/wp-content/uploads/sites/9/2014/05/32-twitter.png" alt="32-twitter" width="32" height="32" /></a></p>
<h2>Jorge Blasco</h2>
<p>Soy Graduado en Ingeniería Informática por la Universidad Politécnica de Valencia. Actualmente, trabajo como Consultor de Office 365 en ENCAMINA y colaborando como P-SELLER de Dynamics CRM con Microsoft. Me gusta vivir en un continuo aprendizaje y sacarlo de mi cabeza para poder escribirlo en este blog. Además, también puedes hablarme de fútbol sala porque me apasiona.</p>
<p><a href="https://es.linkedin.com/in/jorge-blasco-arnandis-62230a90" target="_blank"><img loading="lazy" decoding="async" class="alignnone wp-image-779 size-full" src="http://blogs.encamina.com/filling-the-gap/wp-content/uploads/sites/5/2013/02/32-linkedin.png" alt="linkedin" width="32" height="32" /></a></p>
<p>&nbsp;</p>
<span class="et_bloom_bottom_trigger"></span>

<p>Gabriel Gaspar Llevo más de 15 años trabajando en el sector de la tecnología, empezando como programador y pasando por diversos puestos como consultor, director de proyecto, director de línea o Gerente de Servicio que es mi actual dedicación en &hellip; <a href="https://blogs.encamina.com/transformacion-digital/acerca-de/">Continue reading <span class="meta-nav">&rarr;</span></a></p>

<!-- This site is optimized with the Yoast SEO Premium plugin v18.2.1 (Yoast SEO v27.3) - https://yoast.com/product/yoast-seo-premium-wordpress/ -->
<title>Acerca de... - Transformación Digital</title>
<meta name="robots" content="index, follow, max-snippet:-1, max-image-preview:large, max-video-preview:-1" />
<link rel="canonical" href="https://blogs.encamina.com/transformacion-digital/acerca-de/" />
<meta property="og:locale" content="es_ES" />
<meta property="og:type" content="article" />
<meta property="og:title" content="Acerca de..." />
<meta property="og:description" content="Gabriel Gaspar Llevo más de 15 años trabajando en el sector de la tecnología, empezando como programador y pasando por diversos puestos como consultor, director de proyecto, director de línea o Gerente de Servicio que es mi actual dedicación en &hellip; Continue reading &rarr;" />
<meta property="og:url" content="https://blogs.encamina.com/transformacion-digital/acerca-de/" />
<meta property="og:site_name" content="Transformación Digital" />
<meta property="article:modified_time" content="2016-11-28T15:30:37+00:00" />
<meta property="og:image" content="https://blogs.encamina.com/transformacion-digital/wp-content/uploads/sites/18/2019/05/teams.png" />
	<meta property="og:image:width" content="282" />
	<meta property="og:image:height" content="452" />
	<meta property="og:image:type" content="image/png" />
<meta name="twitter:card" content="summary_large_image" />
<meta name="twitter:label1" content="Tiempo de lectura" />
	<meta name="twitter:data1" content="2 minutos" />
<script type="application/ld+json" class="yoast-schema-graph">{"@context":"https:\/\/schema.org","@graph":[{"@type":"WebPage","@id":"https:\/\/blogs.encamina.com\/transformacion-digital\/acerca-de\/","url":"https:\/\/blogs.encamina.com\/transformacion-digital\/acerca-de\/","name":"Acerca de... - Transformación Digital","isPartOf":{"@id":"https:\/\/blogs.encamina.com\/transformacion-digital\/#website"},"primaryImageOfPage":{"@id":"https:\/\/blogs.encamina.com\/transformacion-digital\/acerca-de\/#primaryimage"},"image":{"@id":"https:\/\/blogs.encamina.com\/transformacion-digital\/acerca-de\/#primaryimage"},"thumbnailUrl":"http:\/\/blogs.encamina.com\/en-las-nubes\/wp-content\/uploads\/sites\/9\/2014\/05\/32-linkedin.png","datePublished":"2015-10-02T09:56:18+00:00","dateModified":"2016-11-28T15:30:37+00:00","breadcrumb":{"@id":"https:\/\/blogs.encamina.com\/transformacion-digital\/acerca-de\/#breadcrumb"},"inLanguage":"es","potentialAction":[{"@type":"ReadAction","target":["https:\/\/blogs.encamina.com\/transformacion-digital\/acerca-de\/"]}]},{"@type":"ImageObject","inLanguage":"es","@id":"https:\/\/blogs.encamina.com\/transformacion-digital\/acerca-de\/#primaryimage","url":"http:\/\/blogs.encamina.com\/en-las-nubes\/wp-content\/uploads\/sites\/9\/2014\/05\/32-linkedin.png","contentUrl":"http:\/\/blogs.encamina.com\/en-las-nubes\/wp-content\/uploads\/sites\/9\/2014\/05\/32-linkedin.png"},{"@type":"BreadcrumbList","@id":"https:\/\/blogs.encamina.com\/transformacion-digital\/acerca-de\/#breadcrumb","itemListElement":[{"@type":"ListItem","position":1,"name":"Portada","item":"https:\/\/blogs.encamina.com\/transformacion-digital\/"},{"@type":"ListItem","position":2,"name":"Acerca de&#8230;"}]},{"@type":"WebSite","@id":"https:\/\/blogs.encamina.com\/transformacion-digital\/#website","url":"https:\/\/blogs.encamina.com\/transformacion-digital\/","name":"Transformación Digital","description":"Más colaborativos, inteligentes, flexibles y veloces","potentialAction":[{"@type":"SearchAction","target":{"@type":"EntryPoint","urlTemplate":"https:\/\/blogs.encamina.com\/transformacion-digital\/?s={search_term_string}"},"query-input":{"@type":"PropertyValueSpecification","valueRequired":true,"valueName":"search_term_string"}}],"inLanguage":"es"}]}</script>
<!-- / Yoast SEO Premium plugin. -->

Acerca de... - Transformación Digital

Gabriel Gaspar Llevo más de 15 años trabajando en el sector de la tecnología, empezando como programador y pasando por diversos puestos como consultor, director de proyecto, director de línea o Gerente de Servicio que es mi actual dedicación en &hellip; Continue reading &rarr;

Transformación Digital

Más colaborativos, inteligentes, flexibles y veloces
