{"version":"1.0","provider_name":"Por una nube sostenible","provider_url":"https:\/\/blogs.encamina.com\/por-una-nube-sostenible","author_name":"Luis Emilio L\u00f3pez L\u00f3pez","author_url":"https:\/\/blogs.encamina.com\/por-una-nube-sostenible\/author\/llopez\/","title":"Federaci\u00f3n de Office 365","type":"rich","width":600,"height":338,"html":"<blockquote class=\"wp-embedded-content\" data-secret=\"zv7P4YQ3IA\"><a href=\"https:\/\/blogs.encamina.com\/por-una-nube-sostenible\/federacion-de-office-365\/\">Federaci\u00f3n de Office 365<\/a><\/blockquote><iframe sandbox=\"allow-scripts\" security=\"restricted\" src=\"https:\/\/blogs.encamina.com\/por-una-nube-sostenible\/federacion-de-office-365\/embed\/#?secret=zv7P4YQ3IA\" width=\"600\" height=\"338\" title=\"\u00abFederaci\u00f3n de Office 365\u00bb \u2014 Por una nube sostenible\" data-secret=\"zv7P4YQ3IA\" frameborder=\"0\" marginwidth=\"0\" marginheight=\"0\" scrolling=\"no\" class=\"wp-embedded-content\"><\/iframe><script type=\"text\/javascript\">\n\/* <![CDATA[ *\/\n\/*! This file is auto-generated *\/\n!function(d,l){\"use strict\";l.querySelector&&d.addEventListener&&\"undefined\"!=typeof URL&&(d.wp=d.wp||{},d.wp.receiveEmbedMessage||(d.wp.receiveEmbedMessage=function(e){var t=e.data;if((t||t.secret||t.message||t.value)&&!\/[^a-zA-Z0-9]\/.test(t.secret)){for(var s,r,n,a=l.querySelectorAll('iframe[data-secret=\"'+t.secret+'\"]'),o=l.querySelectorAll('blockquote[data-secret=\"'+t.secret+'\"]'),c=new RegExp(\"^https?:$\",\"i\"),i=0;i<o.length;i++)o[i].style.display=\"none\";for(i=0;i<a.length;i++)s=a[i],e.source===s.contentWindow&&(s.removeAttribute(\"style\"),\"height\"===t.message?(1e3<(r=parseInt(t.value,10))?r=1e3:~~r<200&&(r=200),s.height=r):\"link\"===t.message&&(r=new URL(s.getAttribute(\"src\")),n=new URL(t.value),c.test(n.protocol))&&n.host===r.host&&l.activeElement===s&&(d.top.location.href=t.value))}},d.addEventListener(\"message\",d.wp.receiveEmbedMessage,!1),l.addEventListener(\"DOMContentLoaded\",function(){for(var e,t,s=l.querySelectorAll(\"iframe.wp-embedded-content\"),r=0;r<s.length;r++)(t=(e=s[r]).getAttribute(\"data-secret\"))||(t=Math.random().toString(36).substring(2,12),e.src+=\"#?secret=\"+t,e.setAttribute(\"data-secret\",t)),e.contentWindow.postMessage({message:\"ready\",secret:t},\"*\")},!1)))}(window,document);\n\/\/# sourceURL=https:\/\/blogs.encamina.com\/por-una-nube-sostenible\/wp-includes\/js\/wp-embed.min.js\n\/* ]]> *\/\n<\/script>\n","description":"El proceso de federaci\u00f3n de Office 365 consta de dos partes diferenciadas el proceso de federaci\u00f3n propiamente dicho en el que los usuarios se autentican contra la granja de servidores de federaci\u00f3n. la sincronizaci\u00f3n de directorio activo, en el cual &hellip; Continue reading &rarr;","thumbnail_url":"http:\/\/blogs.encamina.com\/por-una-nube-sostenible\/wp-content\/uploads\/sites\/19\/2015\/11\/nube-212x300.png"}

Luis Emilio López López

Federación de Office 365

<blockquote class="wp-embedded-content" data-secret="zv7P4YQ3IA"><a href="https://blogs.encamina.com/por-una-nube-sostenible/federacion-de-office-365/">Federación de Office 365</a></blockquote><iframe sandbox="allow-scripts" security="restricted" src="https://blogs.encamina.com/por-una-nube-sostenible/federacion-de-office-365/embed/#?secret=zv7P4YQ3IA" width="600" height="338" title="«Federación de Office 365» — Por una nube sostenible" data-secret="zv7P4YQ3IA" frameborder="0" marginwidth="0" marginheight="0" scrolling="no" class="wp-embedded-content"></iframe><script type="text/javascript">
/* <![CDATA[ */
/*! This file is auto-generated */
!function(d,l){"use strict";l.querySelector&&d.addEventListener&&"undefined"!=typeof URL&&(d.wp=d.wp||{},d.wp.receiveEmbedMessage||(d.wp.receiveEmbedMessage=function(e){var t=e.data;if((t||t.secret||t.message||t.value)&&!/[^a-zA-Z0-9]/.test(t.secret)){for(var s,r,n,a=l.querySelectorAll('iframe[data-secret="'+t.secret+'"]'),o=l.querySelectorAll('blockquote[data-secret="'+t.secret+'"]'),c=new RegExp("^https?:$","i"),i=0;i<o.length;i++)o[i].style.display="none";for(i=0;i<a.length;i++)s=a[i],e.source===s.contentWindow&&(s.removeAttribute("style"),"height"===t.message?(1e3<(r=parseInt(t.value,10))?r=1e3:~~r<200&&(r=200),s.height=r):"link"===t.message&&(r=new URL(s.getAttribute("src")),n=new URL(t.value),c.test(n.protocol))&&n.host===r.host&&l.activeElement===s&&(d.top.location.href=t.value))}},d.addEventListener("message",d.wp.receiveEmbedMessage,!1),l.addEventListener("DOMContentLoaded",function(){for(var e,t,s=l.querySelectorAll("iframe.wp-embedded-content"),r=0;r<s.length;r++)(t=(e=s[r]).getAttribute("data-secret"))||(t=Math.random().toString(36).substring(2,12),e.src+="#?secret="+t,e.setAttribute("data-secret",t)),e.contentWindow.postMessage({message:"ready",secret:t},"*")},!1)))}(window,document);
//# sourceURL=https://blogs.encamina.com/por-una-nube-sostenible/wp-includes/js/wp-embed.min.js
/* ]]> */
</script>

El proceso de federación de Office 365 consta de dos partes diferenciadas el proceso de federación propiamente dicho en el que los usuarios se autentican contra la granja de servidores de federación. la sincronización de directorio activo, en el cual &hellip; Continue reading &rarr;
