{"id":811,"date":"2013-12-19T23:54:36","date_gmt":"2013-12-19T22:54:36","guid":{"rendered":"http:\/\/blogs.encamina.com\/en-las-nubes\/wp-content\/uploads\/sites\/9\/2013\/12\/super-heroes-entresistemas-encamina.png"},"modified":"2013-12-19T23:54:36","modified_gmt":"2013-12-19T22:54:36","slug":"super-heroes-entresistemas-encamina","status":"inherit","type":"attachment","link":"https:\/\/blogs.encamina.com\/en-las-nubes\/dime-como-felicitas-el-ano-nuevo-y-te-dire-quien-eres-2\/super-heroes-entresistemas-encamina\/","title":{"rendered":"super-heroes-entresistemas-encamina"},"author":9,"featured_media":0,"comment_status":"closed","ping_status":"closed","template":"","meta":[],"class_list":["post-811","attachment","type-attachment","status-inherit","hentry"],"yoast_head":"<!-- This site is optimized with the Yoast SEO Premium plugin v18.2.1 (Yoast SEO v27.3) - https:\/\/yoast.com\/product\/yoast-seo-premium-wordpress\/ -->\n<title>super-heroes-entresistemas-encamina - Con la cabeza en las nubes y los pies en el suelo<\/title>\n<meta name=\"robots\" content=\"index, follow, max-snippet:-1, max-image-preview:large, max-video-preview:-1\" \/>\n<link rel=\"canonical\" href=\"http:\/\/blogs.encamina.com\/en-las-nubes\/wp-content\/uploads\/sites\/9\/2013\/12\/super-heroes-entresistemas-encamina.png\" \/>\n<meta property=\"og:locale\" content=\"es_ES\" \/>\n<meta property=\"og:type\" content=\"article\" \/>\n<meta property=\"og:title\" content=\"super-heroes-entresistemas-encamina - Con la cabeza en las nubes y los pies en el suelo\" \/>\n<meta property=\"og:url\" content=\"http:\/\/blogs.encamina.com\/en-las-nubes\/wp-content\/uploads\/sites\/9\/2013\/12\/super-heroes-entresistemas-encamina.png\" \/>\n<meta property=\"og:site_name\" content=\"Con la cabeza en las nubes y los pies en el suelo\" \/>\n<meta property=\"og:image\" content=\"http:\/\/blogs.encamina.com\/en-las-nubes\/wp-content\/uploads\/sites\/9\/2013\/12\/super-heroes-entresistemas-encamina.png\" \/>\n\t<meta property=\"og:image:width\" content=\"810\" \/>\n\t<meta property=\"og:image:height\" content=\"567\" \/>\n\t<meta property=\"og:image:type\" content=\"image\/png\" \/>\n<meta name=\"twitter:card\" content=\"summary_large_image\" \/>\n<script type=\"application\/ld+json\" class=\"yoast-schema-graph\">{\"@context\":\"https:\\\/\\\/schema.org\",\"@graph\":[{\"@type\":\"WebPage\",\"@id\":\"http:\\\/\\\/blogs.encamina.com\\\/en-las-nubes\\\/wp-content\\\/uploads\\\/sites\\\/9\\\/2013\\\/12\\\/super-heroes-entresistemas-encamina.png\",\"url\":\"http:\\\/\\\/blogs.encamina.com\\\/en-las-nubes\\\/wp-content\\\/uploads\\\/sites\\\/9\\\/2013\\\/12\\\/super-heroes-entresistemas-encamina.png\",\"name\":\"super-heroes-entresistemas-encamina - Con la cabeza en las nubes y los pies en el suelo\",\"isPartOf\":{\"@id\":\"https:\\\/\\\/blogs.encamina.com\\\/en-las-nubes\\\/#website\"},\"datePublished\":\"2013-12-19T22:54:36+00:00\",\"breadcrumb\":{\"@id\":\"http:\\\/\\\/blogs.encamina.com\\\/en-las-nubes\\\/wp-content\\\/uploads\\\/sites\\\/9\\\/2013\\\/12\\\/super-heroes-entresistemas-encamina.png#breadcrumb\"},\"inLanguage\":\"es\",\"potentialAction\":[{\"@type\":\"ReadAction\",\"target\":[\"http:\\\/\\\/blogs.encamina.com\\\/en-las-nubes\\\/wp-content\\\/uploads\\\/sites\\\/9\\\/2013\\\/12\\\/super-heroes-entresistemas-encamina.png\"]}]},{\"@type\":\"BreadcrumbList\",\"@id\":\"http:\\\/\\\/blogs.encamina.com\\\/en-las-nubes\\\/wp-content\\\/uploads\\\/sites\\\/9\\\/2013\\\/12\\\/super-heroes-entresistemas-encamina.png#breadcrumb\",\"itemListElement\":[{\"@type\":\"ListItem\",\"position\":1,\"name\":\"Dime c\u00f3mo felicitas las Navidades y te dir\u00e9 quien eres\",\"item\":\"http:\\\/\\\/blogs.encamina.com\\\/en-las-nubes\\\/dime-como-felicitas-el-ano-nuevo-y-te-dire-quien-eres-2\\\/\"},{\"@type\":\"ListItem\",\"position\":2,\"name\":\"super-heroes-entresistemas-encamina\"}]},{\"@type\":\"WebSite\",\"@id\":\"https:\\\/\\\/blogs.encamina.com\\\/en-las-nubes\\\/#website\",\"url\":\"https:\\\/\\\/blogs.encamina.com\\\/en-las-nubes\\\/\",\"name\":\"Con la cabeza en las nubes y los pies en el suelo\",\"description\":\"El proyecto empresarial necesita visi\u00f3n, pasi\u00f3n y un sue\u00f1o al final del camino, pero tambi\u00e9n hay que pisar tierra con paso firme y recuperarse de tropiezos m\u00e1s bien poco divinos.\",\"potentialAction\":[{\"@type\":\"SearchAction\",\"target\":{\"@type\":\"EntryPoint\",\"urlTemplate\":\"https:\\\/\\\/blogs.encamina.com\\\/en-las-nubes\\\/?s={search_term_string}\"},\"query-input\":{\"@type\":\"PropertyValueSpecification\",\"valueRequired\":true,\"valueName\":\"search_term_string\"}}],\"inLanguage\":\"es\"}]}<\/script>\n<!-- \/ Yoast SEO Premium plugin. -->","yoast_head_json":{"title":"super-heroes-entresistemas-encamina - Con la cabeza en las nubes y los pies en el suelo","robots":{"index":"index","follow":"follow","max-snippet":"max-snippet:-1","max-image-preview":"max-image-preview:large","max-video-preview":"max-video-preview:-1"},"canonical":"http:\/\/blogs.encamina.com\/en-las-nubes\/wp-content\/uploads\/sites\/9\/2013\/12\/super-heroes-entresistemas-encamina.png","og_locale":"es_ES","og_type":"article","og_title":"super-heroes-entresistemas-encamina - Con la cabeza en las nubes y los pies en el suelo","og_url":"http:\/\/blogs.encamina.com\/en-las-nubes\/wp-content\/uploads\/sites\/9\/2013\/12\/super-heroes-entresistemas-encamina.png","og_site_name":"Con la cabeza en las nubes y los pies en el suelo","og_image":[{"width":810,"height":567,"url":"http:\/\/blogs.encamina.com\/en-las-nubes\/wp-content\/uploads\/sites\/9\/2013\/12\/super-heroes-entresistemas-encamina.png","type":"image\/png"}],"twitter_card":"summary_large_image","schema":{"@context":"https:\/\/schema.org","@graph":[{"@type":"WebPage","@id":"http:\/\/blogs.encamina.com\/en-las-nubes\/wp-content\/uploads\/sites\/9\/2013\/12\/super-heroes-entresistemas-encamina.png","url":"http:\/\/blogs.encamina.com\/en-las-nubes\/wp-content\/uploads\/sites\/9\/2013\/12\/super-heroes-entresistemas-encamina.png","name":"super-heroes-entresistemas-encamina - Con la cabeza en las nubes y los pies en el suelo","isPartOf":{"@id":"https:\/\/blogs.encamina.com\/en-las-nubes\/#website"},"datePublished":"2013-12-19T22:54:36+00:00","breadcrumb":{"@id":"http:\/\/blogs.encamina.com\/en-las-nubes\/wp-content\/uploads\/sites\/9\/2013\/12\/super-heroes-entresistemas-encamina.png#breadcrumb"},"inLanguage":"es","potentialAction":[{"@type":"ReadAction","target":["http:\/\/blogs.encamina.com\/en-las-nubes\/wp-content\/uploads\/sites\/9\/2013\/12\/super-heroes-entresistemas-encamina.png"]}]},{"@type":"BreadcrumbList","@id":"http:\/\/blogs.encamina.com\/en-las-nubes\/wp-content\/uploads\/sites\/9\/2013\/12\/super-heroes-entresistemas-encamina.png#breadcrumb","itemListElement":[{"@type":"ListItem","position":1,"name":"Dime c\u00f3mo felicitas las Navidades y te dir\u00e9 quien eres","item":"http:\/\/blogs.encamina.com\/en-las-nubes\/dime-como-felicitas-el-ano-nuevo-y-te-dire-quien-eres-2\/"},{"@type":"ListItem","position":2,"name":"super-heroes-entresistemas-encamina"}]},{"@type":"WebSite","@id":"https:\/\/blogs.encamina.com\/en-las-nubes\/#website","url":"https:\/\/blogs.encamina.com\/en-las-nubes\/","name":"Con la cabeza en las nubes y los pies en el suelo","description":"El proyecto empresarial necesita visi\u00f3n, pasi\u00f3n y un sue\u00f1o al final del camino, pero tambi\u00e9n hay que pisar tierra con paso firme y recuperarse de tropiezos m\u00e1s bien poco divinos.","potentialAction":[{"@type":"SearchAction","target":{"@type":"EntryPoint","urlTemplate":"https:\/\/blogs.encamina.com\/en-las-nubes\/?s={search_term_string}"},"query-input":{"@type":"PropertyValueSpecification","valueRequired":true,"valueName":"search_term_string"}}],"inLanguage":"es"}]}},"description":{"rendered":"<p class=\"attachment\"><a href='https:\/\/blogs.encamina.com\/en-las-nubes\/wp-content\/uploads\/sites\/9\/2013\/12\/super-heroes-entresistemas-encamina.png'><img loading=\"lazy\" decoding=\"async\" width=\"300\" height=\"210\" src=\"https:\/\/blogs.encamina.com\/en-las-nubes\/wp-content\/uploads\/sites\/9\/2013\/12\/super-heroes-entresistemas-encamina-300x210.png\" class=\"attachment-medium size-medium\" alt=\"\" srcset=\"https:\/\/encaminablogs.wpenginepowered.com\/en-las-nubes\/wp-content\/uploads\/sites\/9\/2013\/12\/super-heroes-entresistemas-encamina-300x210.png 300w, https:\/\/encaminablogs.wpenginepowered.com\/en-las-nubes\/wp-content\/uploads\/sites\/9\/2013\/12\/super-heroes-entresistemas-encamina.png 810w\" sizes=\"auto, (max-width: 300px) 100vw, 300px\" \/><\/a><\/p>\n<!-- AddThis Advanced Settings generic via filter on the_content --><!-- AddThis Share Buttons generic via filter on the_content --><span class=\"et_bloom_bottom_trigger\"><\/span>"},"caption":{"rendered":"<p><!-- AddThis Advanced Settings generic via filter on get_the_excerpt --><!-- AddThis Share Buttons generic via filter on get_the_excerpt --><\/p>\n"},"alt_text":"","media_type":"image","mime_type":"image\/png","media_details":{"width":810,"height":567,"file":"2013\/12\/super-heroes-entresistemas-encamina.png","sizes":{"thumbnail":{"file":"super-heroes-entresistemas-encamina-150x150.png","width":150,"height":150,"mime_type":"image\/png","source_url":"https:\/\/blogs.encamina.com\/en-las-nubes\/wp-content\/uploads\/sites\/9\/2013\/12\/super-heroes-entresistemas-encamina-150x150.png"},"medium":{"file":"super-heroes-entresistemas-encamina-300x210.png","width":300,"height":210,"mime_type":"image\/png","source_url":"https:\/\/blogs.encamina.com\/en-las-nubes\/wp-content\/uploads\/sites\/9\/2013\/12\/super-heroes-entresistemas-encamina-300x210.png"},"full":{"file":"super-heroes-entresistemas-encamina.png","width":810,"height":567,"mime_type":"image\/png","source_url":"https:\/\/blogs.encamina.com\/en-las-nubes\/wp-content\/uploads\/sites\/9\/2013\/12\/super-heroes-entresistemas-encamina.png"}},"image_meta":{"aperture":0,"credit":"","camera":"","caption":"","created_timestamp":0,"copyright":"","focal_length":0,"iso":0,"shutter_speed":0,"title":""}},"post":808,"source_url":"https:\/\/blogs.encamina.com\/en-las-nubes\/wp-content\/uploads\/sites\/9\/2013\/12\/super-heroes-entresistemas-encamina.png","_links":{"self":[{"href":"https:\/\/blogs.encamina.com\/en-las-nubes\/wp-json\/wp\/v2\/media\/811","targetHints":{"allow":["GET"]}}],"collection":[{"href":"https:\/\/blogs.encamina.com\/en-las-nubes\/wp-json\/wp\/v2\/media"}],"about":[{"href":"https:\/\/blogs.encamina.com\/en-las-nubes\/wp-json\/wp\/v2\/types\/attachment"}],"author":[{"embeddable":true,"href":"https:\/\/blogs.encamina.com\/en-las-nubes\/wp-json\/wp\/v2\/users\/9"}],"replies":[{"embeddable":true,"href":"https:\/\/blogs.encamina.com\/en-las-nubes\/wp-json\/wp\/v2\/comments?post=811"}],"wp:attached-to":[{"embeddable":true,"post_type":"post","id":808,"href":"https:\/\/blogs.encamina.com\/en-las-nubes\/wp-json\/wp\/v2\/posts\/808"}],"curies":[{"name":"wp","href":"https:\/\/api.w.org\/{rel}","templated":true}]}}

<!-- This site is optimized with the Yoast SEO Premium plugin v18.2.1 (Yoast SEO v27.3) - https://yoast.com/product/yoast-seo-premium-wordpress/ -->
<title>super-heroes-entresistemas-encamina - Con la cabeza en las nubes y los pies en el suelo</title>
<meta name="robots" content="index, follow, max-snippet:-1, max-image-preview:large, max-video-preview:-1" />
<link rel="canonical" href="http://blogs.encamina.com/en-las-nubes/wp-content/uploads/sites/9/2013/12/super-heroes-entresistemas-encamina.png" />
<meta property="og:locale" content="es_ES" />
<meta property="og:type" content="article" />
<meta property="og:title" content="super-heroes-entresistemas-encamina - Con la cabeza en las nubes y los pies en el suelo" />
<meta property="og:url" content="http://blogs.encamina.com/en-las-nubes/wp-content/uploads/sites/9/2013/12/super-heroes-entresistemas-encamina.png" />
<meta property="og:site_name" content="Con la cabeza en las nubes y los pies en el suelo" />
<meta property="og:image" content="http://blogs.encamina.com/en-las-nubes/wp-content/uploads/sites/9/2013/12/super-heroes-entresistemas-encamina.png" />
	<meta property="og:image:width" content="810" />
	<meta property="og:image:height" content="567" />
	<meta property="og:image:type" content="image/png" />
<meta name="twitter:card" content="summary_large_image" />
<script type="application/ld+json" class="yoast-schema-graph">{"@context":"https:\/\/schema.org","@graph":[{"@type":"WebPage","@id":"http:\/\/blogs.encamina.com\/en-las-nubes\/wp-content\/uploads\/sites\/9\/2013\/12\/super-heroes-entresistemas-encamina.png","url":"http:\/\/blogs.encamina.com\/en-las-nubes\/wp-content\/uploads\/sites\/9\/2013\/12\/super-heroes-entresistemas-encamina.png","name":"super-heroes-entresistemas-encamina - Con la cabeza en las nubes y los pies en el suelo","isPartOf":{"@id":"https:\/\/blogs.encamina.com\/en-las-nubes\/#website"},"datePublished":"2013-12-19T22:54:36+00:00","breadcrumb":{"@id":"http:\/\/blogs.encamina.com\/en-las-nubes\/wp-content\/uploads\/sites\/9\/2013\/12\/super-heroes-entresistemas-encamina.png#breadcrumb"},"inLanguage":"es","potentialAction":[{"@type":"ReadAction","target":["http:\/\/blogs.encamina.com\/en-las-nubes\/wp-content\/uploads\/sites\/9\/2013\/12\/super-heroes-entresistemas-encamina.png"]}]},{"@type":"BreadcrumbList","@id":"http:\/\/blogs.encamina.com\/en-las-nubes\/wp-content\/uploads\/sites\/9\/2013\/12\/super-heroes-entresistemas-encamina.png#breadcrumb","itemListElement":[{"@type":"ListItem","position":1,"name":"Dime cómo felicitas las Navidades y te diré quien eres","item":"http:\/\/blogs.encamina.com\/en-las-nubes\/dime-como-felicitas-el-ano-nuevo-y-te-dire-quien-eres-2\/"},{"@type":"ListItem","position":2,"name":"super-heroes-entresistemas-encamina"}]},{"@type":"WebSite","@id":"https:\/\/blogs.encamina.com\/en-las-nubes\/#website","url":"https:\/\/blogs.encamina.com\/en-las-nubes\/","name":"Con la cabeza en las nubes y los pies en el suelo","description":"El proyecto empresarial necesita visión, pasión y un sueño al final del camino, pero también hay que pisar tierra con paso firme y recuperarse de tropiezos más bien poco divinos.","potentialAction":[{"@type":"SearchAction","target":{"@type":"EntryPoint","urlTemplate":"https:\/\/blogs.encamina.com\/en-las-nubes\/?s={search_term_string}"},"query-input":{"@type":"PropertyValueSpecification","valueRequired":true,"valueName":"search_term_string"}}],"inLanguage":"es"}]}</script>
<!-- / Yoast SEO Premium plugin. -->

Dime cómo felicitas las Navidades y te diré quien eres

El proyecto empresarial necesita visión, pasión y un sueño al final del camino, pero también hay que pisar tierra con paso firme y recuperarse de tropiezos más bien poco divinos.
