{"id":2320,"date":"2022-12-10T08:28:09","date_gmt":"2022-12-10T07:28:09","guid":{"rendered":"http:\/\/blogs.encamina.com\/en-las-nubes\/wp-content\/uploads\/sites\/9\/2022\/12\/M-PEC-color.png"},"modified":"2022-12-10T08:28:09","modified_gmt":"2022-12-10T07:28:09","slug":"m-pec-color","status":"inherit","type":"attachment","link":"https:\/\/blogs.encamina.com\/en-las-nubes\/repensando-nuestro-piensa-en-colores\/m-pec-color\/","title":{"rendered":"M-PEC-color"},"author":1,"featured_media":0,"comment_status":"closed","ping_status":"closed","template":"","meta":[],"class_list":["post-2320","attachment","type-attachment","status-inherit","hentry"],"yoast_head":"<!-- This site is optimized with the Yoast SEO Premium plugin v18.2.1 (Yoast SEO v27.3) - https:\/\/yoast.com\/product\/yoast-seo-premium-wordpress\/ -->\n<title>M-PEC-color - Con la cabeza en las nubes y los pies en el suelo<\/title>\n<meta name=\"robots\" content=\"index, follow, max-snippet:-1, max-image-preview:large, max-video-preview:-1\" \/>\n<link rel=\"canonical\" href=\"http:\/\/blogs.encamina.com\/en-las-nubes\/wp-content\/uploads\/sites\/9\/2022\/12\/M-PEC-color.png\" \/>\n<meta property=\"og:locale\" content=\"es_ES\" \/>\n<meta property=\"og:type\" content=\"article\" \/>\n<meta property=\"og:title\" content=\"M-PEC-color - Con la cabeza en las nubes y los pies en el suelo\" \/>\n<meta property=\"og:url\" content=\"http:\/\/blogs.encamina.com\/en-las-nubes\/wp-content\/uploads\/sites\/9\/2022\/12\/M-PEC-color.png\" \/>\n<meta property=\"og:site_name\" content=\"Con la cabeza en las nubes y los pies en el suelo\" \/>\n<meta property=\"og:image\" content=\"https:\/\/blogs.encamina.com\/en-las-nubes\/wp-content\/uploads\/sites\/9\/2022\/12\/M-PEC-color.png\" \/>\n\t<meta property=\"og:image:width\" content=\"801\" \/>\n\t<meta property=\"og:image:height\" content=\"358\" \/>\n\t<meta property=\"og:image:type\" content=\"image\/png\" \/>\n<meta name=\"twitter:card\" content=\"summary_large_image\" \/>\n<script type=\"application\/ld+json\" class=\"yoast-schema-graph\">{\"@context\":\"https:\\\/\\\/schema.org\",\"@graph\":[{\"@type\":\"WebPage\",\"@id\":\"http:\\\/\\\/blogs.encamina.com\\\/en-las-nubes\\\/wp-content\\\/uploads\\\/sites\\\/9\\\/2022\\\/12\\\/M-PEC-color.png\",\"url\":\"http:\\\/\\\/blogs.encamina.com\\\/en-las-nubes\\\/wp-content\\\/uploads\\\/sites\\\/9\\\/2022\\\/12\\\/M-PEC-color.png\",\"name\":\"M-PEC-color - Con la cabeza en las nubes y los pies en el suelo\",\"isPartOf\":{\"@id\":\"https:\\\/\\\/blogs.encamina.com\\\/en-las-nubes\\\/#website\"},\"datePublished\":\"2022-12-10T07:28:09+00:00\",\"breadcrumb\":{\"@id\":\"http:\\\/\\\/blogs.encamina.com\\\/en-las-nubes\\\/wp-content\\\/uploads\\\/sites\\\/9\\\/2022\\\/12\\\/M-PEC-color.png#breadcrumb\"},\"inLanguage\":\"es\",\"potentialAction\":[{\"@type\":\"ReadAction\",\"target\":[\"http:\\\/\\\/blogs.encamina.com\\\/en-las-nubes\\\/wp-content\\\/uploads\\\/sites\\\/9\\\/2022\\\/12\\\/M-PEC-color.png\"]}]},{\"@type\":\"BreadcrumbList\",\"@id\":\"http:\\\/\\\/blogs.encamina.com\\\/en-las-nubes\\\/wp-content\\\/uploads\\\/sites\\\/9\\\/2022\\\/12\\\/M-PEC-color.png#breadcrumb\",\"itemListElement\":[{\"@type\":\"ListItem\",\"position\":1,\"name\":\"Repensando nuestro Piensa en colores\",\"item\":\"https:\\\/\\\/blogs.encamina.com\\\/en-las-nubes\\\/repensando-nuestro-piensa-en-colores\\\/\"},{\"@type\":\"ListItem\",\"position\":2,\"name\":\"M-PEC-color\"}]},{\"@type\":\"WebSite\",\"@id\":\"https:\\\/\\\/blogs.encamina.com\\\/en-las-nubes\\\/#website\",\"url\":\"https:\\\/\\\/blogs.encamina.com\\\/en-las-nubes\\\/\",\"name\":\"Con la cabeza en las nubes y los pies en el suelo\",\"description\":\"El proyecto empresarial necesita visi\u00f3n, pasi\u00f3n y un sue\u00f1o al final del camino, pero tambi\u00e9n hay que pisar tierra con paso firme y recuperarse de tropiezos m\u00e1s bien poco divinos.\",\"potentialAction\":[{\"@type\":\"SearchAction\",\"target\":{\"@type\":\"EntryPoint\",\"urlTemplate\":\"https:\\\/\\\/blogs.encamina.com\\\/en-las-nubes\\\/?s={search_term_string}\"},\"query-input\":{\"@type\":\"PropertyValueSpecification\",\"valueRequired\":true,\"valueName\":\"search_term_string\"}}],\"inLanguage\":\"es\"}]}<\/script>\n<!-- \/ Yoast SEO Premium plugin. -->","yoast_head_json":{"title":"M-PEC-color - Con la cabeza en las nubes y los pies en el suelo","robots":{"index":"index","follow":"follow","max-snippet":"max-snippet:-1","max-image-preview":"max-image-preview:large","max-video-preview":"max-video-preview:-1"},"canonical":"http:\/\/blogs.encamina.com\/en-las-nubes\/wp-content\/uploads\/sites\/9\/2022\/12\/M-PEC-color.png","og_locale":"es_ES","og_type":"article","og_title":"M-PEC-color - Con la cabeza en las nubes y los pies en el suelo","og_url":"http:\/\/blogs.encamina.com\/en-las-nubes\/wp-content\/uploads\/sites\/9\/2022\/12\/M-PEC-color.png","og_site_name":"Con la cabeza en las nubes y los pies en el suelo","og_image":[{"width":801,"height":358,"url":"https:\/\/blogs.encamina.com\/en-las-nubes\/wp-content\/uploads\/sites\/9\/2022\/12\/M-PEC-color.png","type":"image\/png"}],"twitter_card":"summary_large_image","schema":{"@context":"https:\/\/schema.org","@graph":[{"@type":"WebPage","@id":"http:\/\/blogs.encamina.com\/en-las-nubes\/wp-content\/uploads\/sites\/9\/2022\/12\/M-PEC-color.png","url":"http:\/\/blogs.encamina.com\/en-las-nubes\/wp-content\/uploads\/sites\/9\/2022\/12\/M-PEC-color.png","name":"M-PEC-color - Con la cabeza en las nubes y los pies en el suelo","isPartOf":{"@id":"https:\/\/blogs.encamina.com\/en-las-nubes\/#website"},"datePublished":"2022-12-10T07:28:09+00:00","breadcrumb":{"@id":"http:\/\/blogs.encamina.com\/en-las-nubes\/wp-content\/uploads\/sites\/9\/2022\/12\/M-PEC-color.png#breadcrumb"},"inLanguage":"es","potentialAction":[{"@type":"ReadAction","target":["http:\/\/blogs.encamina.com\/en-las-nubes\/wp-content\/uploads\/sites\/9\/2022\/12\/M-PEC-color.png"]}]},{"@type":"BreadcrumbList","@id":"http:\/\/blogs.encamina.com\/en-las-nubes\/wp-content\/uploads\/sites\/9\/2022\/12\/M-PEC-color.png#breadcrumb","itemListElement":[{"@type":"ListItem","position":1,"name":"Repensando nuestro Piensa en colores","item":"https:\/\/blogs.encamina.com\/en-las-nubes\/repensando-nuestro-piensa-en-colores\/"},{"@type":"ListItem","position":2,"name":"M-PEC-color"}]},{"@type":"WebSite","@id":"https:\/\/blogs.encamina.com\/en-las-nubes\/#website","url":"https:\/\/blogs.encamina.com\/en-las-nubes\/","name":"Con la cabeza en las nubes y los pies en el suelo","description":"El proyecto empresarial necesita visi\u00f3n, pasi\u00f3n y un sue\u00f1o al final del camino, pero tambi\u00e9n hay que pisar tierra con paso firme y recuperarse de tropiezos m\u00e1s bien poco divinos.","potentialAction":[{"@type":"SearchAction","target":{"@type":"EntryPoint","urlTemplate":"https:\/\/blogs.encamina.com\/en-las-nubes\/?s={search_term_string}"},"query-input":{"@type":"PropertyValueSpecification","valueRequired":true,"valueName":"search_term_string"}}],"inLanguage":"es"}]}},"description":{"rendered":"<p class=\"attachment\"><a href='https:\/\/blogs.encamina.com\/en-las-nubes\/wp-content\/uploads\/sites\/9\/2022\/12\/M-PEC-color.png'><img loading=\"lazy\" decoding=\"async\" width=\"300\" height=\"134\" src=\"https:\/\/blogs.encamina.com\/en-las-nubes\/wp-content\/uploads\/sites\/9\/2022\/12\/M-PEC-color-300x134.png\" class=\"attachment-medium size-medium\" alt=\"\" srcset=\"https:\/\/encaminablogs.wpenginepowered.com\/en-las-nubes\/wp-content\/uploads\/sites\/9\/2022\/12\/M-PEC-color-300x134.png 300w, https:\/\/encaminablogs.wpenginepowered.com\/en-las-nubes\/wp-content\/uploads\/sites\/9\/2022\/12\/M-PEC-color-768x343.png 768w, https:\/\/encaminablogs.wpenginepowered.com\/en-las-nubes\/wp-content\/uploads\/sites\/9\/2022\/12\/M-PEC-color-610x273.png 610w, https:\/\/encaminablogs.wpenginepowered.com\/en-las-nubes\/wp-content\/uploads\/sites\/9\/2022\/12\/M-PEC-color.png 801w\" sizes=\"auto, (max-width: 300px) 100vw, 300px\" \/><\/a><\/p>\n<!-- AddThis Advanced Settings generic via filter on the_content --><!-- AddThis Share Buttons generic via filter on the_content --><span class=\"et_bloom_bottom_trigger\"><\/span>"},"caption":{"rendered":"<p><!-- AddThis Advanced Settings generic via filter on get_the_excerpt --><!-- AddThis Share Buttons generic via filter on get_the_excerpt --><\/p>\n"},"alt_text":"","media_type":"image","mime_type":"image\/png","media_details":{"width":801,"height":358,"file":"2022\/12\/M-PEC-color.png","filesize":16588,"sizes":{"medium":{"file":"M-PEC-color-300x134.png","width":300,"height":134,"filesize":9689,"mime_type":"image\/png","source_url":"https:\/\/blogs.encamina.com\/en-las-nubes\/wp-content\/uploads\/sites\/9\/2022\/12\/M-PEC-color-300x134.png"},"thumbnail":{"file":"M-PEC-color-150x150.png","width":150,"height":150,"filesize":4953,"mime_type":"image\/png","source_url":"https:\/\/blogs.encamina.com\/en-las-nubes\/wp-content\/uploads\/sites\/9\/2022\/12\/M-PEC-color-150x150.png"},"medium_large":{"file":"M-PEC-color-768x343.png","width":768,"height":343,"filesize":24447,"mime_type":"image\/png","source_url":"https:\/\/blogs.encamina.com\/en-las-nubes\/wp-content\/uploads\/sites\/9\/2022\/12\/M-PEC-color-768x343.png"},"bloom_image":{"file":"M-PEC-color-610x273.png","width":610,"height":273,"filesize":19727,"mime_type":"image\/png","source_url":"https:\/\/blogs.encamina.com\/en-las-nubes\/wp-content\/uploads\/sites\/9\/2022\/12\/M-PEC-color-610x273.png"},"cmplz_banner_image":{"file":"M-PEC-color-350x100.png","width":350,"height":100,"filesize":9131,"mime_type":"image\/png","source_url":"https:\/\/blogs.encamina.com\/en-las-nubes\/wp-content\/uploads\/sites\/9\/2022\/12\/M-PEC-color-350x100.png"},"full":{"file":"M-PEC-color.png","width":801,"height":358,"mime_type":"image\/png","source_url":"https:\/\/blogs.encamina.com\/en-las-nubes\/wp-content\/uploads\/sites\/9\/2022\/12\/M-PEC-color.png"}},"image_meta":{"aperture":"0","credit":"","camera":"","caption":"","created_timestamp":"0","copyright":"","focal_length":"0","iso":"0","shutter_speed":"0","title":"","orientation":"0","keywords":[]}},"post":2319,"source_url":"https:\/\/blogs.encamina.com\/en-las-nubes\/wp-content\/uploads\/sites\/9\/2022\/12\/M-PEC-color.png","_links":{"self":[{"href":"https:\/\/blogs.encamina.com\/en-las-nubes\/wp-json\/wp\/v2\/media\/2320","targetHints":{"allow":["GET"]}}],"collection":[{"href":"https:\/\/blogs.encamina.com\/en-las-nubes\/wp-json\/wp\/v2\/media"}],"about":[{"href":"https:\/\/blogs.encamina.com\/en-las-nubes\/wp-json\/wp\/v2\/types\/attachment"}],"author":[{"embeddable":true,"href":"https:\/\/blogs.encamina.com\/en-las-nubes\/wp-json\/wp\/v2\/users\/1"}],"replies":[{"embeddable":true,"href":"https:\/\/blogs.encamina.com\/en-las-nubes\/wp-json\/wp\/v2\/comments?post=2320"}],"wp:attached-to":[{"embeddable":true,"post_type":"post","id":2319,"href":"https:\/\/blogs.encamina.com\/en-las-nubes\/wp-json\/wp\/v2\/posts\/2319"}],"curies":[{"name":"wp","href":"https:\/\/api.w.org\/{rel}","templated":true}]}}

<!-- This site is optimized with the Yoast SEO Premium plugin v18.2.1 (Yoast SEO v27.3) - https://yoast.com/product/yoast-seo-premium-wordpress/ -->
<title>M-PEC-color - Con la cabeza en las nubes y los pies en el suelo</title>
<meta name="robots" content="index, follow, max-snippet:-1, max-image-preview:large, max-video-preview:-1" />
<link rel="canonical" href="http://blogs.encamina.com/en-las-nubes/wp-content/uploads/sites/9/2022/12/M-PEC-color.png" />
<meta property="og:locale" content="es_ES" />
<meta property="og:type" content="article" />
<meta property="og:title" content="M-PEC-color - Con la cabeza en las nubes y los pies en el suelo" />
<meta property="og:url" content="http://blogs.encamina.com/en-las-nubes/wp-content/uploads/sites/9/2022/12/M-PEC-color.png" />
<meta property="og:site_name" content="Con la cabeza en las nubes y los pies en el suelo" />
<meta property="og:image" content="https://blogs.encamina.com/en-las-nubes/wp-content/uploads/sites/9/2022/12/M-PEC-color.png" />
	<meta property="og:image:width" content="801" />
	<meta property="og:image:height" content="358" />
	<meta property="og:image:type" content="image/png" />
<meta name="twitter:card" content="summary_large_image" />
<script type="application/ld+json" class="yoast-schema-graph">{"@context":"https:\/\/schema.org","@graph":[{"@type":"WebPage","@id":"http:\/\/blogs.encamina.com\/en-las-nubes\/wp-content\/uploads\/sites\/9\/2022\/12\/M-PEC-color.png","url":"http:\/\/blogs.encamina.com\/en-las-nubes\/wp-content\/uploads\/sites\/9\/2022\/12\/M-PEC-color.png","name":"M-PEC-color - Con la cabeza en las nubes y los pies en el suelo","isPartOf":{"@id":"https:\/\/blogs.encamina.com\/en-las-nubes\/#website"},"datePublished":"2022-12-10T07:28:09+00:00","breadcrumb":{"@id":"http:\/\/blogs.encamina.com\/en-las-nubes\/wp-content\/uploads\/sites\/9\/2022\/12\/M-PEC-color.png#breadcrumb"},"inLanguage":"es","potentialAction":[{"@type":"ReadAction","target":["http:\/\/blogs.encamina.com\/en-las-nubes\/wp-content\/uploads\/sites\/9\/2022\/12\/M-PEC-color.png"]}]},{"@type":"BreadcrumbList","@id":"http:\/\/blogs.encamina.com\/en-las-nubes\/wp-content\/uploads\/sites\/9\/2022\/12\/M-PEC-color.png#breadcrumb","itemListElement":[{"@type":"ListItem","position":1,"name":"Repensando nuestro Piensa en colores","item":"https:\/\/blogs.encamina.com\/en-las-nubes\/repensando-nuestro-piensa-en-colores\/"},{"@type":"ListItem","position":2,"name":"M-PEC-color"}]},{"@type":"WebSite","@id":"https:\/\/blogs.encamina.com\/en-las-nubes\/#website","url":"https:\/\/blogs.encamina.com\/en-las-nubes\/","name":"Con la cabeza en las nubes y los pies en el suelo","description":"El proyecto empresarial necesita visión, pasión y un sueño al final del camino, pero también hay que pisar tierra con paso firme y recuperarse de tropiezos más bien poco divinos.","potentialAction":[{"@type":"SearchAction","target":{"@type":"EntryPoint","urlTemplate":"https:\/\/blogs.encamina.com\/en-las-nubes\/?s={search_term_string}"},"query-input":{"@type":"PropertyValueSpecification","valueRequired":true,"valueName":"search_term_string"}}],"inLanguage":"es"}]}</script>
<!-- / Yoast SEO Premium plugin. -->

El proyecto empresarial necesita visión, pasión y un sueño al final del camino, pero también hay que pisar tierra con paso firme y recuperarse de tropiezos más bien poco divinos.
