{"id":2243,"date":"2021-02-05T11:14:47","date_gmt":"2021-02-05T10:14:47","guid":{"rendered":"http:\/\/blogs.encamina.com\/en-las-nubes\/wp-content\/uploads\/sites\/9\/2021\/01\/Memoria-Social-2020-ENCAMIAN.png"},"modified":"2021-02-05T11:14:47","modified_gmt":"2021-02-05T10:14:47","slug":"memoria-social-2020-encamian","status":"inherit","type":"attachment","link":"https:\/\/blogs.encamina.com\/en-las-nubes\/queda-despedido-un-2020-lleno-de-contribucion-y-compromiso-entre-otras-cosas\/memoria-social-2020-encamian\/","title":{"rendered":"Memoria Social 2020 ENCAMIAN"},"author":1,"featured_media":0,"comment_status":"closed","ping_status":"closed","template":"","meta":[],"class_list":["post-2243","attachment","type-attachment","status-inherit","hentry"],"yoast_head":"<!-- This site is optimized with the Yoast SEO Premium plugin v18.2.1 (Yoast SEO v27.3) - https:\/\/yoast.com\/product\/yoast-seo-premium-wordpress\/ -->\n<title>Memoria Social 2020 ENCAMIAN - Con la cabeza en las nubes y los pies en el suelo<\/title>\n<meta name=\"robots\" content=\"index, follow, max-snippet:-1, max-image-preview:large, max-video-preview:-1\" \/>\n<link rel=\"canonical\" href=\"http:\/\/blogs.encamina.com\/en-las-nubes\/wp-content\/uploads\/sites\/9\/2021\/01\/Memoria-Social-2020-ENCAMIAN.png\" \/>\n<meta property=\"og:locale\" content=\"es_ES\" \/>\n<meta property=\"og:type\" content=\"article\" \/>\n<meta property=\"og:title\" content=\"Memoria Social 2020 ENCAMIAN - Con la cabeza en las nubes y los pies en el suelo\" \/>\n<meta property=\"og:url\" content=\"http:\/\/blogs.encamina.com\/en-las-nubes\/wp-content\/uploads\/sites\/9\/2021\/01\/Memoria-Social-2020-ENCAMIAN.png\" \/>\n<meta property=\"og:site_name\" content=\"Con la cabeza en las nubes y los pies en el suelo\" \/>\n<meta property=\"og:image\" content=\"http:\/\/blogs.encamina.com\/en-las-nubes\/wp-content\/uploads\/sites\/9\/2021\/01\/Memoria-Social-2020-ENCAMIAN.png\" \/>\n\t<meta property=\"og:image:width\" content=\"1196\" \/>\n\t<meta property=\"og:image:height\" content=\"690\" \/>\n\t<meta property=\"og:image:type\" content=\"image\/png\" \/>\n<meta name=\"twitter:card\" content=\"summary_large_image\" \/>\n<script type=\"application\/ld+json\" class=\"yoast-schema-graph\">{\"@context\":\"https:\\\/\\\/schema.org\",\"@graph\":[{\"@type\":\"WebPage\",\"@id\":\"http:\\\/\\\/blogs.encamina.com\\\/en-las-nubes\\\/wp-content\\\/uploads\\\/sites\\\/9\\\/2021\\\/01\\\/Memoria-Social-2020-ENCAMIAN.png\",\"url\":\"http:\\\/\\\/blogs.encamina.com\\\/en-las-nubes\\\/wp-content\\\/uploads\\\/sites\\\/9\\\/2021\\\/01\\\/Memoria-Social-2020-ENCAMIAN.png\",\"name\":\"Memoria Social 2020 ENCAMIAN - Con la cabeza en las nubes y los pies en el suelo\",\"isPartOf\":{\"@id\":\"https:\\\/\\\/blogs.encamina.com\\\/en-las-nubes\\\/#website\"},\"datePublished\":\"2021-02-05T10:14:47+00:00\",\"breadcrumb\":{\"@id\":\"http:\\\/\\\/blogs.encamina.com\\\/en-las-nubes\\\/wp-content\\\/uploads\\\/sites\\\/9\\\/2021\\\/01\\\/Memoria-Social-2020-ENCAMIAN.png#breadcrumb\"},\"inLanguage\":\"es\",\"potentialAction\":[{\"@type\":\"ReadAction\",\"target\":[\"http:\\\/\\\/blogs.encamina.com\\\/en-las-nubes\\\/wp-content\\\/uploads\\\/sites\\\/9\\\/2021\\\/01\\\/Memoria-Social-2020-ENCAMIAN.png\"]}]},{\"@type\":\"BreadcrumbList\",\"@id\":\"http:\\\/\\\/blogs.encamina.com\\\/en-las-nubes\\\/wp-content\\\/uploads\\\/sites\\\/9\\\/2021\\\/01\\\/Memoria-Social-2020-ENCAMIAN.png#breadcrumb\",\"itemListElement\":[{\"@type\":\"ListItem\",\"position\":1,\"name\":\"Queda despedido un 2020 lleno de contribuci\u00f3n y compromiso, entre otras cosas\",\"item\":\"http:\\\/\\\/blogs.encamina.com\\\/en-las-nubes\\\/queda-despedido-un-2020-lleno-de-contribucion-y-compromiso-entre-otras-cosas\\\/\"},{\"@type\":\"ListItem\",\"position\":2,\"name\":\"Memoria Social 2020 ENCAMIAN\"}]},{\"@type\":\"WebSite\",\"@id\":\"https:\\\/\\\/blogs.encamina.com\\\/en-las-nubes\\\/#website\",\"url\":\"https:\\\/\\\/blogs.encamina.com\\\/en-las-nubes\\\/\",\"name\":\"Con la cabeza en las nubes y los pies en el suelo\",\"description\":\"El proyecto empresarial necesita visi\u00f3n, pasi\u00f3n y un sue\u00f1o al final del camino, pero tambi\u00e9n hay que pisar tierra con paso firme y recuperarse de tropiezos m\u00e1s bien poco divinos.\",\"potentialAction\":[{\"@type\":\"SearchAction\",\"target\":{\"@type\":\"EntryPoint\",\"urlTemplate\":\"https:\\\/\\\/blogs.encamina.com\\\/en-las-nubes\\\/?s={search_term_string}\"},\"query-input\":{\"@type\":\"PropertyValueSpecification\",\"valueRequired\":true,\"valueName\":\"search_term_string\"}}],\"inLanguage\":\"es\"}]}<\/script>\n<!-- \/ Yoast SEO Premium plugin. -->","yoast_head_json":{"title":"Memoria Social 2020 ENCAMIAN - Con la cabeza en las nubes y los pies en el suelo","robots":{"index":"index","follow":"follow","max-snippet":"max-snippet:-1","max-image-preview":"max-image-preview:large","max-video-preview":"max-video-preview:-1"},"canonical":"http:\/\/blogs.encamina.com\/en-las-nubes\/wp-content\/uploads\/sites\/9\/2021\/01\/Memoria-Social-2020-ENCAMIAN.png","og_locale":"es_ES","og_type":"article","og_title":"Memoria Social 2020 ENCAMIAN - Con la cabeza en las nubes y los pies en el suelo","og_url":"http:\/\/blogs.encamina.com\/en-las-nubes\/wp-content\/uploads\/sites\/9\/2021\/01\/Memoria-Social-2020-ENCAMIAN.png","og_site_name":"Con la cabeza en las nubes y los pies en el suelo","og_image":[{"width":1196,"height":690,"url":"http:\/\/blogs.encamina.com\/en-las-nubes\/wp-content\/uploads\/sites\/9\/2021\/01\/Memoria-Social-2020-ENCAMIAN.png","type":"image\/png"}],"twitter_card":"summary_large_image","schema":{"@context":"https:\/\/schema.org","@graph":[{"@type":"WebPage","@id":"http:\/\/blogs.encamina.com\/en-las-nubes\/wp-content\/uploads\/sites\/9\/2021\/01\/Memoria-Social-2020-ENCAMIAN.png","url":"http:\/\/blogs.encamina.com\/en-las-nubes\/wp-content\/uploads\/sites\/9\/2021\/01\/Memoria-Social-2020-ENCAMIAN.png","name":"Memoria Social 2020 ENCAMIAN - Con la cabeza en las nubes y los pies en el suelo","isPartOf":{"@id":"https:\/\/blogs.encamina.com\/en-las-nubes\/#website"},"datePublished":"2021-02-05T10:14:47+00:00","breadcrumb":{"@id":"http:\/\/blogs.encamina.com\/en-las-nubes\/wp-content\/uploads\/sites\/9\/2021\/01\/Memoria-Social-2020-ENCAMIAN.png#breadcrumb"},"inLanguage":"es","potentialAction":[{"@type":"ReadAction","target":["http:\/\/blogs.encamina.com\/en-las-nubes\/wp-content\/uploads\/sites\/9\/2021\/01\/Memoria-Social-2020-ENCAMIAN.png"]}]},{"@type":"BreadcrumbList","@id":"http:\/\/blogs.encamina.com\/en-las-nubes\/wp-content\/uploads\/sites\/9\/2021\/01\/Memoria-Social-2020-ENCAMIAN.png#breadcrumb","itemListElement":[{"@type":"ListItem","position":1,"name":"Queda despedido un 2020 lleno de contribuci\u00f3n y compromiso, entre otras cosas","item":"http:\/\/blogs.encamina.com\/en-las-nubes\/queda-despedido-un-2020-lleno-de-contribucion-y-compromiso-entre-otras-cosas\/"},{"@type":"ListItem","position":2,"name":"Memoria Social 2020 ENCAMIAN"}]},{"@type":"WebSite","@id":"https:\/\/blogs.encamina.com\/en-las-nubes\/#website","url":"https:\/\/blogs.encamina.com\/en-las-nubes\/","name":"Con la cabeza en las nubes y los pies en el suelo","description":"El proyecto empresarial necesita visi\u00f3n, pasi\u00f3n y un sue\u00f1o al final del camino, pero tambi\u00e9n hay que pisar tierra con paso firme y recuperarse de tropiezos m\u00e1s bien poco divinos.","potentialAction":[{"@type":"SearchAction","target":{"@type":"EntryPoint","urlTemplate":"https:\/\/blogs.encamina.com\/en-las-nubes\/?s={search_term_string}"},"query-input":{"@type":"PropertyValueSpecification","valueRequired":true,"valueName":"search_term_string"}}],"inLanguage":"es"}]}},"description":{"rendered":"<p class=\"attachment\"><a href='https:\/\/blogs.encamina.com\/en-las-nubes\/wp-content\/uploads\/sites\/9\/2021\/01\/Memoria-Social-2020-ENCAMIAN.png'><img loading=\"lazy\" decoding=\"async\" width=\"300\" height=\"173\" src=\"https:\/\/blogs.encamina.com\/en-las-nubes\/wp-content\/uploads\/sites\/9\/2021\/01\/Memoria-Social-2020-ENCAMIAN-300x173.png\" class=\"attachment-medium size-medium\" alt=\"\" srcset=\"https:\/\/encaminablogs.wpenginepowered.com\/en-las-nubes\/wp-content\/uploads\/sites\/9\/2021\/01\/Memoria-Social-2020-ENCAMIAN-300x173.png 300w, https:\/\/encaminablogs.wpenginepowered.com\/en-las-nubes\/wp-content\/uploads\/sites\/9\/2021\/01\/Memoria-Social-2020-ENCAMIAN-1024x591.png 1024w, https:\/\/encaminablogs.wpenginepowered.com\/en-las-nubes\/wp-content\/uploads\/sites\/9\/2021\/01\/Memoria-Social-2020-ENCAMIAN-768x443.png 768w, https:\/\/encaminablogs.wpenginepowered.com\/en-las-nubes\/wp-content\/uploads\/sites\/9\/2021\/01\/Memoria-Social-2020-ENCAMIAN-610x352.png 610w, https:\/\/encaminablogs.wpenginepowered.com\/en-las-nubes\/wp-content\/uploads\/sites\/9\/2021\/01\/Memoria-Social-2020-ENCAMIAN.png 1196w\" sizes=\"auto, (max-width: 300px) 100vw, 300px\" \/><\/a><\/p>\n<!-- AddThis Advanced Settings generic via filter on the_content --><!-- AddThis Share Buttons generic via filter on the_content --><span class=\"et_bloom_bottom_trigger\"><\/span>"},"caption":{"rendered":"<p><!-- AddThis Advanced Settings generic via filter on get_the_excerpt --><!-- AddThis Share Buttons generic via filter on get_the_excerpt --><\/p>\n"},"alt_text":"","media_type":"image","mime_type":"image\/png","media_details":{"width":1196,"height":690,"file":"2021\/01\/Memoria-Social-2020-ENCAMIAN.png","sizes":{"medium":{"file":"Memoria-Social-2020-ENCAMIAN-300x173.png","width":300,"height":173,"mime_type":"image\/png","source_url":"https:\/\/blogs.encamina.com\/en-las-nubes\/wp-content\/uploads\/sites\/9\/2021\/01\/Memoria-Social-2020-ENCAMIAN-300x173.png"},"large":{"file":"Memoria-Social-2020-ENCAMIAN-1024x591.png","width":1024,"height":591,"mime_type":"image\/png","source_url":"https:\/\/blogs.encamina.com\/en-las-nubes\/wp-content\/uploads\/sites\/9\/2021\/01\/Memoria-Social-2020-ENCAMIAN-1024x591.png"},"thumbnail":{"file":"Memoria-Social-2020-ENCAMIAN-150x150.png","width":150,"height":150,"mime_type":"image\/png","source_url":"https:\/\/blogs.encamina.com\/en-las-nubes\/wp-content\/uploads\/sites\/9\/2021\/01\/Memoria-Social-2020-ENCAMIAN-150x150.png"},"medium_large":{"file":"Memoria-Social-2020-ENCAMIAN-768x443.png","width":768,"height":443,"mime_type":"image\/png","source_url":"https:\/\/blogs.encamina.com\/en-las-nubes\/wp-content\/uploads\/sites\/9\/2021\/01\/Memoria-Social-2020-ENCAMIAN-768x443.png"},"bloom_image":{"file":"Memoria-Social-2020-ENCAMIAN-610x352.png","width":610,"height":352,"mime_type":"image\/png","source_url":"https:\/\/blogs.encamina.com\/en-las-nubes\/wp-content\/uploads\/sites\/9\/2021\/01\/Memoria-Social-2020-ENCAMIAN-610x352.png"},"full":{"file":"Memoria-Social-2020-ENCAMIAN.png","width":1196,"height":690,"mime_type":"image\/png","source_url":"https:\/\/blogs.encamina.com\/en-las-nubes\/wp-content\/uploads\/sites\/9\/2021\/01\/Memoria-Social-2020-ENCAMIAN.png"}},"image_meta":{"aperture":"0","credit":"","camera":"","caption":"","created_timestamp":"0","copyright":"","focal_length":"0","iso":"0","shutter_speed":"0","title":"","orientation":"0","keywords":[]}},"post":2232,"source_url":"https:\/\/blogs.encamina.com\/en-las-nubes\/wp-content\/uploads\/sites\/9\/2021\/01\/Memoria-Social-2020-ENCAMIAN.png","_links":{"self":[{"href":"https:\/\/blogs.encamina.com\/en-las-nubes\/wp-json\/wp\/v2\/media\/2243","targetHints":{"allow":["GET"]}}],"collection":[{"href":"https:\/\/blogs.encamina.com\/en-las-nubes\/wp-json\/wp\/v2\/media"}],"about":[{"href":"https:\/\/blogs.encamina.com\/en-las-nubes\/wp-json\/wp\/v2\/types\/attachment"}],"author":[{"embeddable":true,"href":"https:\/\/blogs.encamina.com\/en-las-nubes\/wp-json\/wp\/v2\/users\/1"}],"replies":[{"embeddable":true,"href":"https:\/\/blogs.encamina.com\/en-las-nubes\/wp-json\/wp\/v2\/comments?post=2243"}],"wp:attached-to":[{"embeddable":true,"post_type":"post","id":2232,"href":"https:\/\/blogs.encamina.com\/en-las-nubes\/wp-json\/wp\/v2\/posts\/2232"}],"curies":[{"name":"wp","href":"https:\/\/api.w.org\/{rel}","templated":true}]}}

<!-- This site is optimized with the Yoast SEO Premium plugin v18.2.1 (Yoast SEO v27.3) - https://yoast.com/product/yoast-seo-premium-wordpress/ -->
<title>Memoria Social 2020 ENCAMIAN - Con la cabeza en las nubes y los pies en el suelo</title>
<meta name="robots" content="index, follow, max-snippet:-1, max-image-preview:large, max-video-preview:-1" />
<link rel="canonical" href="http://blogs.encamina.com/en-las-nubes/wp-content/uploads/sites/9/2021/01/Memoria-Social-2020-ENCAMIAN.png" />
<meta property="og:locale" content="es_ES" />
<meta property="og:type" content="article" />
<meta property="og:title" content="Memoria Social 2020 ENCAMIAN - Con la cabeza en las nubes y los pies en el suelo" />
<meta property="og:url" content="http://blogs.encamina.com/en-las-nubes/wp-content/uploads/sites/9/2021/01/Memoria-Social-2020-ENCAMIAN.png" />
<meta property="og:site_name" content="Con la cabeza en las nubes y los pies en el suelo" />
<meta property="og:image" content="http://blogs.encamina.com/en-las-nubes/wp-content/uploads/sites/9/2021/01/Memoria-Social-2020-ENCAMIAN.png" />
	<meta property="og:image:width" content="1196" />
	<meta property="og:image:height" content="690" />
	<meta property="og:image:type" content="image/png" />
<meta name="twitter:card" content="summary_large_image" />
<script type="application/ld+json" class="yoast-schema-graph">{"@context":"https:\/\/schema.org","@graph":[{"@type":"WebPage","@id":"http:\/\/blogs.encamina.com\/en-las-nubes\/wp-content\/uploads\/sites\/9\/2021\/01\/Memoria-Social-2020-ENCAMIAN.png","url":"http:\/\/blogs.encamina.com\/en-las-nubes\/wp-content\/uploads\/sites\/9\/2021\/01\/Memoria-Social-2020-ENCAMIAN.png","name":"Memoria Social 2020 ENCAMIAN - Con la cabeza en las nubes y los pies en el suelo","isPartOf":{"@id":"https:\/\/blogs.encamina.com\/en-las-nubes\/#website"},"datePublished":"2021-02-05T10:14:47+00:00","breadcrumb":{"@id":"http:\/\/blogs.encamina.com\/en-las-nubes\/wp-content\/uploads\/sites\/9\/2021\/01\/Memoria-Social-2020-ENCAMIAN.png#breadcrumb"},"inLanguage":"es","potentialAction":[{"@type":"ReadAction","target":["http:\/\/blogs.encamina.com\/en-las-nubes\/wp-content\/uploads\/sites\/9\/2021\/01\/Memoria-Social-2020-ENCAMIAN.png"]}]},{"@type":"BreadcrumbList","@id":"http:\/\/blogs.encamina.com\/en-las-nubes\/wp-content\/uploads\/sites\/9\/2021\/01\/Memoria-Social-2020-ENCAMIAN.png#breadcrumb","itemListElement":[{"@type":"ListItem","position":1,"name":"Queda despedido un 2020 lleno de contribución y compromiso, entre otras cosas","item":"http:\/\/blogs.encamina.com\/en-las-nubes\/queda-despedido-un-2020-lleno-de-contribucion-y-compromiso-entre-otras-cosas\/"},{"@type":"ListItem","position":2,"name":"Memoria Social 2020 ENCAMIAN"}]},{"@type":"WebSite","@id":"https:\/\/blogs.encamina.com\/en-las-nubes\/#website","url":"https:\/\/blogs.encamina.com\/en-las-nubes\/","name":"Con la cabeza en las nubes y los pies en el suelo","description":"El proyecto empresarial necesita visión, pasión y un sueño al final del camino, pero también hay que pisar tierra con paso firme y recuperarse de tropiezos más bien poco divinos.","potentialAction":[{"@type":"SearchAction","target":{"@type":"EntryPoint","urlTemplate":"https:\/\/blogs.encamina.com\/en-las-nubes\/?s={search_term_string}"},"query-input":{"@type":"PropertyValueSpecification","valueRequired":true,"valueName":"search_term_string"}}],"inLanguage":"es"}]}</script>
<!-- / Yoast SEO Premium plugin. -->

Queda despedido un 2020 lleno de contribución y compromiso, entre otras cosas

El proyecto empresarial necesita visión, pasión y un sueño al final del camino, pero también hay que pisar tierra con paso firme y recuperarse de tropiezos más bien poco divinos.
