{"id":1246,"date":"2015-08-10T11:42:29","date_gmt":"2015-08-10T10:42:29","guid":{"rendered":"http:\/\/blogs.encamina.com\/en-las-nubes\/wp-content\/uploads\/sites\/9\/2015\/08\/transformacion_digital_segun_encamina.jpg"},"modified":"2015-08-10T11:42:29","modified_gmt":"2015-08-10T10:42:29","slug":"transformacion_digital_segun_encamina","status":"inherit","type":"attachment","link":"https:\/\/blogs.encamina.com\/en-las-nubes\/transformacion-digital-encamina-en-un-minuto\/transformacion_digital_segun_encamina\/","title":{"rendered":"transformacion_digital_segun_encamina"},"author":9,"featured_media":0,"comment_status":"closed","ping_status":"closed","template":"","meta":[],"class_list":["post-1246","attachment","type-attachment","status-inherit","hentry"],"yoast_head":"<!-- This site is optimized with the Yoast SEO Premium plugin v18.2.1 (Yoast SEO v27.3) - https:\/\/yoast.com\/product\/yoast-seo-premium-wordpress\/ -->\n<title>transformacion_digital_segun_encamina - Con la cabeza en las nubes y los pies en el suelo<\/title>\n<meta name=\"robots\" content=\"index, follow, max-snippet:-1, max-image-preview:large, max-video-preview:-1\" \/>\n<link rel=\"canonical\" href=\"https:\/\/blogs.encamina.com\/en-las-nubes\/wp-content\/uploads\/sites\/9\/2015\/08\/transformacion_digital_segun_encamina.jpg\" \/>\n<meta property=\"og:locale\" content=\"es_ES\" \/>\n<meta property=\"og:type\" content=\"article\" \/>\n<meta property=\"og:title\" content=\"transformacion_digital_segun_encamina - Con la cabeza en las nubes y los pies en el suelo\" \/>\n<meta property=\"og:url\" content=\"https:\/\/blogs.encamina.com\/en-las-nubes\/wp-content\/uploads\/sites\/9\/2015\/08\/transformacion_digital_segun_encamina.jpg\" \/>\n<meta property=\"og:site_name\" content=\"Con la cabeza en las nubes y los pies en el suelo\" \/>\n<meta property=\"og:image\" content=\"https:\/\/blogs.encamina.com\/en-las-nubes\/wp-content\/uploads\/sites\/9\/2015\/08\/transformacion_digital_segun_encamina.jpg\" \/>\n\t<meta property=\"og:image:width\" content=\"1018\" \/>\n\t<meta property=\"og:image:height\" content=\"561\" \/>\n\t<meta property=\"og:image:type\" content=\"image\/jpeg\" \/>\n<meta name=\"twitter:card\" content=\"summary_large_image\" \/>\n<script type=\"application\/ld+json\" class=\"yoast-schema-graph\">{\"@context\":\"https:\\\/\\\/schema.org\",\"@graph\":[{\"@type\":\"WebPage\",\"@id\":\"https:\\\/\\\/blogs.encamina.com\\\/en-las-nubes\\\/wp-content\\\/uploads\\\/sites\\\/9\\\/2015\\\/08\\\/transformacion_digital_segun_encamina.jpg\",\"url\":\"https:\\\/\\\/blogs.encamina.com\\\/en-las-nubes\\\/wp-content\\\/uploads\\\/sites\\\/9\\\/2015\\\/08\\\/transformacion_digital_segun_encamina.jpg\",\"name\":\"transformacion_digital_segun_encamina - Con la cabeza en las nubes y los pies en el suelo\",\"isPartOf\":{\"@id\":\"https:\\\/\\\/blogs.encamina.com\\\/en-las-nubes\\\/#website\"},\"datePublished\":\"2015-08-10T10:42:29+00:00\",\"breadcrumb\":{\"@id\":\"https:\\\/\\\/blogs.encamina.com\\\/en-las-nubes\\\/wp-content\\\/uploads\\\/sites\\\/9\\\/2015\\\/08\\\/transformacion_digital_segun_encamina.jpg#breadcrumb\"},\"inLanguage\":\"es\",\"potentialAction\":[{\"@type\":\"ReadAction\",\"target\":[\"https:\\\/\\\/blogs.encamina.com\\\/en-las-nubes\\\/wp-content\\\/uploads\\\/sites\\\/9\\\/2015\\\/08\\\/transformacion_digital_segun_encamina.jpg\"]}]},{\"@type\":\"BreadcrumbList\",\"@id\":\"https:\\\/\\\/blogs.encamina.com\\\/en-las-nubes\\\/wp-content\\\/uploads\\\/sites\\\/9\\\/2015\\\/08\\\/transformacion_digital_segun_encamina.jpg#breadcrumb\",\"itemListElement\":[{\"@type\":\"ListItem\",\"position\":1,\"name\":\"Tratando de explicar nuestro foco en Transformaci\u00f3n Digital\",\"item\":\"https:\\\/\\\/blogs.encamina.com\\\/en-las-nubes\\\/transformacion-digital-encamina-en-un-minuto\\\/\"},{\"@type\":\"ListItem\",\"position\":2,\"name\":\"transformacion_digital_segun_encamina\"}]},{\"@type\":\"WebSite\",\"@id\":\"https:\\\/\\\/blogs.encamina.com\\\/en-las-nubes\\\/#website\",\"url\":\"https:\\\/\\\/blogs.encamina.com\\\/en-las-nubes\\\/\",\"name\":\"Con la cabeza en las nubes y los pies en el suelo\",\"description\":\"El proyecto empresarial necesita visi\u00f3n, pasi\u00f3n y un sue\u00f1o al final del camino, pero tambi\u00e9n hay que pisar tierra con paso firme y recuperarse de tropiezos m\u00e1s bien poco divinos.\",\"potentialAction\":[{\"@type\":\"SearchAction\",\"target\":{\"@type\":\"EntryPoint\",\"urlTemplate\":\"https:\\\/\\\/blogs.encamina.com\\\/en-las-nubes\\\/?s={search_term_string}\"},\"query-input\":{\"@type\":\"PropertyValueSpecification\",\"valueRequired\":true,\"valueName\":\"search_term_string\"}}],\"inLanguage\":\"es\"}]}<\/script>\n<!-- \/ Yoast SEO Premium plugin. -->","yoast_head_json":{"title":"transformacion_digital_segun_encamina - Con la cabeza en las nubes y los pies en el suelo","robots":{"index":"index","follow":"follow","max-snippet":"max-snippet:-1","max-image-preview":"max-image-preview:large","max-video-preview":"max-video-preview:-1"},"canonical":"https:\/\/blogs.encamina.com\/en-las-nubes\/wp-content\/uploads\/sites\/9\/2015\/08\/transformacion_digital_segun_encamina.jpg","og_locale":"es_ES","og_type":"article","og_title":"transformacion_digital_segun_encamina - Con la cabeza en las nubes y los pies en el suelo","og_url":"https:\/\/blogs.encamina.com\/en-las-nubes\/wp-content\/uploads\/sites\/9\/2015\/08\/transformacion_digital_segun_encamina.jpg","og_site_name":"Con la cabeza en las nubes y los pies en el suelo","og_image":[{"width":1018,"height":561,"url":"https:\/\/blogs.encamina.com\/en-las-nubes\/wp-content\/uploads\/sites\/9\/2015\/08\/transformacion_digital_segun_encamina.jpg","type":"image\/jpeg"}],"twitter_card":"summary_large_image","schema":{"@context":"https:\/\/schema.org","@graph":[{"@type":"WebPage","@id":"https:\/\/blogs.encamina.com\/en-las-nubes\/wp-content\/uploads\/sites\/9\/2015\/08\/transformacion_digital_segun_encamina.jpg","url":"https:\/\/blogs.encamina.com\/en-las-nubes\/wp-content\/uploads\/sites\/9\/2015\/08\/transformacion_digital_segun_encamina.jpg","name":"transformacion_digital_segun_encamina - Con la cabeza en las nubes y los pies en el suelo","isPartOf":{"@id":"https:\/\/blogs.encamina.com\/en-las-nubes\/#website"},"datePublished":"2015-08-10T10:42:29+00:00","breadcrumb":{"@id":"https:\/\/blogs.encamina.com\/en-las-nubes\/wp-content\/uploads\/sites\/9\/2015\/08\/transformacion_digital_segun_encamina.jpg#breadcrumb"},"inLanguage":"es","potentialAction":[{"@type":"ReadAction","target":["https:\/\/blogs.encamina.com\/en-las-nubes\/wp-content\/uploads\/sites\/9\/2015\/08\/transformacion_digital_segun_encamina.jpg"]}]},{"@type":"BreadcrumbList","@id":"https:\/\/blogs.encamina.com\/en-las-nubes\/wp-content\/uploads\/sites\/9\/2015\/08\/transformacion_digital_segun_encamina.jpg#breadcrumb","itemListElement":[{"@type":"ListItem","position":1,"name":"Tratando de explicar nuestro foco en Transformaci\u00f3n Digital","item":"https:\/\/blogs.encamina.com\/en-las-nubes\/transformacion-digital-encamina-en-un-minuto\/"},{"@type":"ListItem","position":2,"name":"transformacion_digital_segun_encamina"}]},{"@type":"WebSite","@id":"https:\/\/blogs.encamina.com\/en-las-nubes\/#website","url":"https:\/\/blogs.encamina.com\/en-las-nubes\/","name":"Con la cabeza en las nubes y los pies en el suelo","description":"El proyecto empresarial necesita visi\u00f3n, pasi\u00f3n y un sue\u00f1o al final del camino, pero tambi\u00e9n hay que pisar tierra con paso firme y recuperarse de tropiezos m\u00e1s bien poco divinos.","potentialAction":[{"@type":"SearchAction","target":{"@type":"EntryPoint","urlTemplate":"https:\/\/blogs.encamina.com\/en-las-nubes\/?s={search_term_string}"},"query-input":{"@type":"PropertyValueSpecification","valueRequired":true,"valueName":"search_term_string"}}],"inLanguage":"es"}]}},"description":{"rendered":"<p class=\"attachment\"><a href='https:\/\/blogs.encamina.com\/en-las-nubes\/wp-content\/uploads\/sites\/9\/2015\/08\/transformacion_digital_segun_encamina.jpg'><img loading=\"lazy\" decoding=\"async\" width=\"300\" height=\"165\" src=\"https:\/\/blogs.encamina.com\/en-las-nubes\/wp-content\/uploads\/sites\/9\/2015\/08\/transformacion_digital_segun_encamina-300x165.jpg\" class=\"attachment-medium size-medium\" alt=\"\" srcset=\"https:\/\/encaminablogs.wpenginepowered.com\/en-las-nubes\/wp-content\/uploads\/sites\/9\/2015\/08\/transformacion_digital_segun_encamina-300x165.jpg 300w, https:\/\/encaminablogs.wpenginepowered.com\/en-las-nubes\/wp-content\/uploads\/sites\/9\/2015\/08\/transformacion_digital_segun_encamina.jpg 1018w\" sizes=\"auto, (max-width: 300px) 100vw, 300px\" \/><\/a><\/p>\n<!-- AddThis Advanced Settings generic via filter on the_content --><!-- AddThis Share Buttons generic via filter on the_content --><span class=\"et_bloom_bottom_trigger\"><\/span>"},"caption":{"rendered":"<p><!-- AddThis Advanced Settings generic via filter on get_the_excerpt --><!-- AddThis Share Buttons generic via filter on get_the_excerpt --><\/p>\n"},"alt_text":"","media_type":"image","mime_type":"image\/jpeg","media_details":{"width":1018,"height":561,"file":"2015\/08\/transformacion_digital_segun_encamina.jpg","sizes":{"thumbnail":{"file":"transformacion_digital_segun_encamina-150x150.jpg","width":150,"height":150,"mime_type":"image\/jpeg","source_url":"https:\/\/blogs.encamina.com\/en-las-nubes\/wp-content\/uploads\/sites\/9\/2015\/08\/transformacion_digital_segun_encamina-150x150.jpg"},"medium":{"file":"transformacion_digital_segun_encamina-300x165.jpg","width":300,"height":165,"mime_type":"image\/jpeg","source_url":"https:\/\/blogs.encamina.com\/en-las-nubes\/wp-content\/uploads\/sites\/9\/2015\/08\/transformacion_digital_segun_encamina-300x165.jpg"},"full":{"file":"transformacion_digital_segun_encamina.jpg","width":1018,"height":561,"mime_type":"image\/jpeg","source_url":"https:\/\/blogs.encamina.com\/en-las-nubes\/wp-content\/uploads\/sites\/9\/2015\/08\/transformacion_digital_segun_encamina.jpg"}},"image_meta":{"aperture":0,"credit":"Hugo de Juan","camera":"","caption":"","created_timestamp":1439210504,"copyright":"","focal_length":0,"iso":0,"shutter_speed":0,"title":"","orientation":0}},"post":1237,"source_url":"https:\/\/blogs.encamina.com\/en-las-nubes\/wp-content\/uploads\/sites\/9\/2015\/08\/transformacion_digital_segun_encamina.jpg","_links":{"self":[{"href":"https:\/\/blogs.encamina.com\/en-las-nubes\/wp-json\/wp\/v2\/media\/1246","targetHints":{"allow":["GET"]}}],"collection":[{"href":"https:\/\/blogs.encamina.com\/en-las-nubes\/wp-json\/wp\/v2\/media"}],"about":[{"href":"https:\/\/blogs.encamina.com\/en-las-nubes\/wp-json\/wp\/v2\/types\/attachment"}],"author":[{"embeddable":true,"href":"https:\/\/blogs.encamina.com\/en-las-nubes\/wp-json\/wp\/v2\/users\/9"}],"replies":[{"embeddable":true,"href":"https:\/\/blogs.encamina.com\/en-las-nubes\/wp-json\/wp\/v2\/comments?post=1246"}],"wp:attached-to":[{"embeddable":true,"post_type":"post","id":1237,"href":"https:\/\/blogs.encamina.com\/en-las-nubes\/wp-json\/wp\/v2\/posts\/1237"}],"curies":[{"name":"wp","href":"https:\/\/api.w.org\/{rel}","templated":true}]}}

<!-- This site is optimized with the Yoast SEO Premium plugin v18.2.1 (Yoast SEO v27.3) - https://yoast.com/product/yoast-seo-premium-wordpress/ -->
<title>transformacion_digital_segun_encamina - Con la cabeza en las nubes y los pies en el suelo</title>
<meta name="robots" content="index, follow, max-snippet:-1, max-image-preview:large, max-video-preview:-1" />
<link rel="canonical" href="https://blogs.encamina.com/en-las-nubes/wp-content/uploads/sites/9/2015/08/transformacion_digital_segun_encamina.jpg" />
<meta property="og:locale" content="es_ES" />
<meta property="og:type" content="article" />
<meta property="og:title" content="transformacion_digital_segun_encamina - Con la cabeza en las nubes y los pies en el suelo" />
<meta property="og:url" content="https://blogs.encamina.com/en-las-nubes/wp-content/uploads/sites/9/2015/08/transformacion_digital_segun_encamina.jpg" />
<meta property="og:site_name" content="Con la cabeza en las nubes y los pies en el suelo" />
<meta property="og:image" content="https://blogs.encamina.com/en-las-nubes/wp-content/uploads/sites/9/2015/08/transformacion_digital_segun_encamina.jpg" />
	<meta property="og:image:width" content="1018" />
	<meta property="og:image:height" content="561" />
	<meta property="og:image:type" content="image/jpeg" />
<meta name="twitter:card" content="summary_large_image" />
<script type="application/ld+json" class="yoast-schema-graph">{"@context":"https:\/\/schema.org","@graph":[{"@type":"WebPage","@id":"https:\/\/blogs.encamina.com\/en-las-nubes\/wp-content\/uploads\/sites\/9\/2015\/08\/transformacion_digital_segun_encamina.jpg","url":"https:\/\/blogs.encamina.com\/en-las-nubes\/wp-content\/uploads\/sites\/9\/2015\/08\/transformacion_digital_segun_encamina.jpg","name":"transformacion_digital_segun_encamina - Con la cabeza en las nubes y los pies en el suelo","isPartOf":{"@id":"https:\/\/blogs.encamina.com\/en-las-nubes\/#website"},"datePublished":"2015-08-10T10:42:29+00:00","breadcrumb":{"@id":"https:\/\/blogs.encamina.com\/en-las-nubes\/wp-content\/uploads\/sites\/9\/2015\/08\/transformacion_digital_segun_encamina.jpg#breadcrumb"},"inLanguage":"es","potentialAction":[{"@type":"ReadAction","target":["https:\/\/blogs.encamina.com\/en-las-nubes\/wp-content\/uploads\/sites\/9\/2015\/08\/transformacion_digital_segun_encamina.jpg"]}]},{"@type":"BreadcrumbList","@id":"https:\/\/blogs.encamina.com\/en-las-nubes\/wp-content\/uploads\/sites\/9\/2015\/08\/transformacion_digital_segun_encamina.jpg#breadcrumb","itemListElement":[{"@type":"ListItem","position":1,"name":"Tratando de explicar nuestro foco en Transformación Digital","item":"https:\/\/blogs.encamina.com\/en-las-nubes\/transformacion-digital-encamina-en-un-minuto\/"},{"@type":"ListItem","position":2,"name":"transformacion_digital_segun_encamina"}]},{"@type":"WebSite","@id":"https:\/\/blogs.encamina.com\/en-las-nubes\/#website","url":"https:\/\/blogs.encamina.com\/en-las-nubes\/","name":"Con la cabeza en las nubes y los pies en el suelo","description":"El proyecto empresarial necesita visión, pasión y un sueño al final del camino, pero también hay que pisar tierra con paso firme y recuperarse de tropiezos más bien poco divinos.","potentialAction":[{"@type":"SearchAction","target":{"@type":"EntryPoint","urlTemplate":"https:\/\/blogs.encamina.com\/en-las-nubes\/?s={search_term_string}"},"query-input":{"@type":"PropertyValueSpecification","valueRequired":true,"valueName":"search_term_string"}}],"inLanguage":"es"}]}</script>
<!-- / Yoast SEO Premium plugin. -->

Tratando de explicar nuestro foco en Transformación Digital

El proyecto empresarial necesita visión, pasión y un sueño al final del camino, pero también hay que pisar tierra con paso firme y recuperarse de tropiezos más bien poco divinos.
