{"id":141,"date":"2013-03-04T12:46:08","date_gmt":"2013-03-04T11:46:08","guid":{"rendered":"http:\/\/blogs.encamina.com\/desarrollandosobresharepoint\/?page_id=141"},"modified":"2018-07-13T09:56:30","modified_gmt":"2018-07-13T07:56:30","slug":"acerca-de","status":"publish","type":"page","link":"https:\/\/blogs.encamina.com\/desarrollandosobresharepoint\/acerca-de\/","title":{"rendered":"Acerca de&#8230;"},"content":{"rendered":"<h2>Adri\u00e1n D\u00edaz<\/h2>\n<p>Adri\u00e1n D\u00edaz es Software \u00a0&amp; Cloud \u00a0Architect Lead en \u00a0<a title=\"ENCAMINA, piensa en colores\" href=\"http:\/\/www.encamina.com\" target=\"_blank\" rel=\"noopener noreferrer\">ENCAMINA<\/a>. Nombrado por Microsoft como MVP desde 2014, en la actualidad es MVP Office Development. Ingeniero de Inform\u00e1tica por la Universidad Polit\u00e9cnica de Valencia, MCPD de SharePoint 2010, Microsoft Active Profesional y Microsoft Comunity Contribuitor 2012. Cofundador del grupo de usuarios de SharePoint de Levante LevaPoint. Lleva desarrollando con tecnolog\u00edas Microsoft m\u00e1s de 10 a\u00f1os y desde hace 3 a\u00f1os est\u00e1 centrado en el desarrollo sobre SharePoint.<\/p>\n<p>M\u00e1s sobre m\u00ed:<\/p>\n<p><a title=\"LinkedIn Adri\u00e1n D\u00edaz\" href=\"http:\/\/es.linkedin.com\/pub\/adrian-diaz-cervera\/43\/808\/8b6\" target=\"_blank\" rel=\"noopener noreferrer\"><img loading=\"lazy\" decoding=\"async\" class=\"alignnone size-full wp-image-1278\" src=\"http:\/\/blogs.encamina.com\/desarrollandosobresharepoint\/wp-content\/uploads\/sites\/8\/2013\/03\/32-linkedin.png\" alt=\"32-linkedin\" width=\"32\" height=\"32\" \/><\/a> <a title=\"Twitter Adri\u00e1n D\u00edaz\" href=\"https:\/\/twitter.com\/AdrianDiaz81\" target=\"_blank\" rel=\"noopener noreferrer\"><img loading=\"lazy\" decoding=\"async\" class=\"alignnone size-medium wp-image-1279\" src=\"http:\/\/blogs.encamina.com\/desarrollandosobresharepoint\/wp-content\/uploads\/sites\/8\/2013\/03\/32-twitter.png\" alt=\"32-twitter\" width=\"32\" height=\"32\" \/><\/a><\/p>\n<!-- AddThis Advanced Settings generic via filter on the_content --><!-- AddThis Share Buttons generic via filter on the_content --><span class=\"et_bloom_bottom_trigger\"><\/span>","protected":false},"excerpt":{"rendered":"<p>Adri\u00e1n D\u00edaz Adri\u00e1n D\u00edaz es Software \u00a0&amp; Cloud \u00a0Architect Lead en \u00a0ENCAMINA. Nombrado por Microsoft como MVP desde 2014, en la actualidad es MVP Office Development. Ingeniero de Inform\u00e1tica por la Universidad Polit\u00e9cnica de Valencia, MCPD de SharePoint 2010, Microsoft &hellip; <a href=\"https:\/\/blogs.encamina.com\/desarrollandosobresharepoint\/acerca-de\/\">Continue reading <span class=\"meta-nav\">&rarr;<\/span><\/a><!-- AddThis Advanced Settings generic via filter on get_the_excerpt --><!-- AddThis Share Buttons generic via filter on get_the_excerpt --><\/p>\n","protected":false},"author":1,"featured_media":0,"parent":0,"menu_order":0,"comment_status":"closed","ping_status":"open","template":"","meta":{"footnotes":""},"class_list":["post-141","page","type-page","status-publish","hentry"],"yoast_head":"<!-- This site is optimized with the Yoast SEO Premium plugin v18.2.1 (Yoast SEO v27.3) - https:\/\/yoast.com\/product\/yoast-seo-premium-wordpress\/ -->\n<title>Acerca de Adri\u00e1n D\u00edaz<\/title>\n<meta name=\"description\" content=\"Adri\u00e1n D\u00edaz, MCPD de SharePoint 2010, Microsoft Active Profesional y Microsoft Comunity Contribuitor 2012\" \/>\n<meta name=\"robots\" content=\"index, follow, max-snippet:-1, max-image-preview:large, max-video-preview:-1\" \/>\n<link rel=\"canonical\" href=\"https:\/\/blogs.encamina.com\/desarrollandosobresharepoint\/acerca-de\/\" \/>\n<meta name=\"twitter:card\" content=\"summary_large_image\" \/>\n<meta name=\"twitter:title\" content=\"Acerca de Adri\u00e1n D\u00edaz\" \/>\n<meta name=\"twitter:description\" content=\"Adri\u00e1n D\u00edaz, MCPD de SharePoint 2010, Microsoft Active Profesional y Microsoft Comunity Contribuitor 2012\" \/>\n<meta name=\"twitter:image\" content=\"https:\/\/blogs.encamina.com\/desarrollandosobresharepoint\/wp-content\/uploads\/sites\/8\/2013\/03\/32-linkedin.png\" \/>\n<script type=\"application\/ld+json\" class=\"yoast-schema-graph\">{\"@context\":\"https:\\\/\\\/schema.org\",\"@graph\":[{\"@type\":\"WebPage\",\"@id\":\"https:\\\/\\\/blogs.encamina.com\\\/desarrollandosobresharepoint\\\/acerca-de\\\/\",\"url\":\"https:\\\/\\\/blogs.encamina.com\\\/desarrollandosobresharepoint\\\/acerca-de\\\/\",\"name\":\"Acerca de Adri\u00e1n D\u00edaz\",\"isPartOf\":{\"@id\":\"https:\\\/\\\/blogs.encamina.com\\\/desarrollandosobresharepoint\\\/#website\"},\"primaryImageOfPage\":{\"@id\":\"https:\\\/\\\/blogs.encamina.com\\\/desarrollandosobresharepoint\\\/acerca-de\\\/#primaryimage\"},\"image\":{\"@id\":\"https:\\\/\\\/blogs.encamina.com\\\/desarrollandosobresharepoint\\\/acerca-de\\\/#primaryimage\"},\"thumbnailUrl\":\"http:\\\/\\\/blogs.encamina.com\\\/desarrollandosobresharepoint\\\/wp-content\\\/uploads\\\/sites\\\/8\\\/2013\\\/03\\\/32-linkedin.png\",\"datePublished\":\"2013-03-04T11:46:08+00:00\",\"dateModified\":\"2018-07-13T07:56:30+00:00\",\"description\":\"Adri\u00e1n D\u00edaz, MCPD de SharePoint 2010, Microsoft Active Profesional y Microsoft Comunity Contribuitor 2012\",\"inLanguage\":\"es\",\"potentialAction\":[{\"@type\":\"ReadAction\",\"target\":[\"https:\\\/\\\/blogs.encamina.com\\\/desarrollandosobresharepoint\\\/acerca-de\\\/\"]}]},{\"@type\":\"ImageObject\",\"inLanguage\":\"es\",\"@id\":\"https:\\\/\\\/blogs.encamina.com\\\/desarrollandosobresharepoint\\\/acerca-de\\\/#primaryimage\",\"url\":\"https:\\\/\\\/blogs.encamina.com\\\/desarrollandosobresharepoint\\\/wp-content\\\/uploads\\\/sites\\\/8\\\/2013\\\/03\\\/32-linkedin.png\",\"contentUrl\":\"https:\\\/\\\/blogs.encamina.com\\\/desarrollandosobresharepoint\\\/wp-content\\\/uploads\\\/sites\\\/8\\\/2013\\\/03\\\/32-linkedin.png\",\"width\":32,\"height\":32},{\"@type\":\"WebSite\",\"@id\":\"https:\\\/\\\/blogs.encamina.com\\\/desarrollandosobresharepoint\\\/#website\",\"url\":\"https:\\\/\\\/blogs.encamina.com\\\/desarrollandosobresharepoint\\\/\",\"name\":\"Desarrollando sobre SharePoint\",\"description\":\"Arquitectura, buenas pr\u00e1cticas y desarrollo sobre la nueva herramienta de Microsoft SharePoint 2016\",\"potentialAction\":[{\"@type\":\"SearchAction\",\"target\":{\"@type\":\"EntryPoint\",\"urlTemplate\":\"https:\\\/\\\/blogs.encamina.com\\\/desarrollandosobresharepoint\\\/?s={search_term_string}\"},\"query-input\":{\"@type\":\"PropertyValueSpecification\",\"valueRequired\":true,\"valueName\":\"search_term_string\"}}],\"inLanguage\":\"es\"}]}<\/script>\n<!-- \/ Yoast SEO Premium plugin. -->","yoast_head_json":{"title":"Acerca de Adri\u00e1n D\u00edaz","description":"Adri\u00e1n D\u00edaz, MCPD de SharePoint 2010, Microsoft Active Profesional y Microsoft Comunity Contribuitor 2012","robots":{"index":"index","follow":"follow","max-snippet":"max-snippet:-1","max-image-preview":"max-image-preview:large","max-video-preview":"max-video-preview:-1"},"canonical":"https:\/\/blogs.encamina.com\/desarrollandosobresharepoint\/acerca-de\/","twitter_card":"summary_large_image","twitter_title":"Acerca de Adri\u00e1n D\u00edaz","twitter_description":"Adri\u00e1n D\u00edaz, MCPD de SharePoint 2010, Microsoft Active Profesional y Microsoft Comunity Contribuitor 2012","twitter_image":"https:\/\/blogs.encamina.com\/desarrollandosobresharepoint\/wp-content\/uploads\/sites\/8\/2013\/03\/32-linkedin.png","schema":{"@context":"https:\/\/schema.org","@graph":[{"@type":"WebPage","@id":"https:\/\/blogs.encamina.com\/desarrollandosobresharepoint\/acerca-de\/","url":"https:\/\/blogs.encamina.com\/desarrollandosobresharepoint\/acerca-de\/","name":"Acerca de Adri\u00e1n D\u00edaz","isPartOf":{"@id":"https:\/\/blogs.encamina.com\/desarrollandosobresharepoint\/#website"},"primaryImageOfPage":{"@id":"https:\/\/blogs.encamina.com\/desarrollandosobresharepoint\/acerca-de\/#primaryimage"},"image":{"@id":"https:\/\/blogs.encamina.com\/desarrollandosobresharepoint\/acerca-de\/#primaryimage"},"thumbnailUrl":"http:\/\/blogs.encamina.com\/desarrollandosobresharepoint\/wp-content\/uploads\/sites\/8\/2013\/03\/32-linkedin.png","datePublished":"2013-03-04T11:46:08+00:00","dateModified":"2018-07-13T07:56:30+00:00","description":"Adri\u00e1n D\u00edaz, MCPD de SharePoint 2010, Microsoft Active Profesional y Microsoft Comunity Contribuitor 2012","inLanguage":"es","potentialAction":[{"@type":"ReadAction","target":["https:\/\/blogs.encamina.com\/desarrollandosobresharepoint\/acerca-de\/"]}]},{"@type":"ImageObject","inLanguage":"es","@id":"https:\/\/blogs.encamina.com\/desarrollandosobresharepoint\/acerca-de\/#primaryimage","url":"https:\/\/blogs.encamina.com\/desarrollandosobresharepoint\/wp-content\/uploads\/sites\/8\/2013\/03\/32-linkedin.png","contentUrl":"https:\/\/blogs.encamina.com\/desarrollandosobresharepoint\/wp-content\/uploads\/sites\/8\/2013\/03\/32-linkedin.png","width":32,"height":32},{"@type":"WebSite","@id":"https:\/\/blogs.encamina.com\/desarrollandosobresharepoint\/#website","url":"https:\/\/blogs.encamina.com\/desarrollandosobresharepoint\/","name":"Desarrollando sobre SharePoint","description":"Arquitectura, buenas pr\u00e1cticas y desarrollo sobre la nueva herramienta de Microsoft SharePoint 2016","potentialAction":[{"@type":"SearchAction","target":{"@type":"EntryPoint","urlTemplate":"https:\/\/blogs.encamina.com\/desarrollandosobresharepoint\/?s={search_term_string}"},"query-input":{"@type":"PropertyValueSpecification","valueRequired":true,"valueName":"search_term_string"}}],"inLanguage":"es"}]}},"_links":{"self":[{"href":"https:\/\/blogs.encamina.com\/desarrollandosobresharepoint\/wp-json\/wp\/v2\/pages\/141","targetHints":{"allow":["GET"]}}],"collection":[{"href":"https:\/\/blogs.encamina.com\/desarrollandosobresharepoint\/wp-json\/wp\/v2\/pages"}],"about":[{"href":"https:\/\/blogs.encamina.com\/desarrollandosobresharepoint\/wp-json\/wp\/v2\/types\/page"}],"author":[{"embeddable":true,"href":"https:\/\/blogs.encamina.com\/desarrollandosobresharepoint\/wp-json\/wp\/v2\/users\/1"}],"replies":[{"embeddable":true,"href":"https:\/\/blogs.encamina.com\/desarrollandosobresharepoint\/wp-json\/wp\/v2\/comments?post=141"}],"version-history":[{"count":0,"href":"https:\/\/blogs.encamina.com\/desarrollandosobresharepoint\/wp-json\/wp\/v2\/pages\/141\/revisions"}],"wp:attachment":[{"href":"https:\/\/blogs.encamina.com\/desarrollandosobresharepoint\/wp-json\/wp\/v2\/media?parent=141"}],"curies":[{"name":"wp","href":"https:\/\/api.w.org\/{rel}","templated":true}]}}